CRAN Package Check Results for Package SubgrPlots

Last updated on 2022-05-27 04:56:50 CEST.

Flavor Version Tinstall Tcheck Ttotal Status Flags
r-devel-linux-x86_64-debian-clang 0.1.3 37.83 356.44 394.27 OK
r-devel-linux-x86_64-debian-gcc 0.1.3 28.75 260.84 289.59 OK
r-devel-linux-x86_64-fedora-clang 0.1.3 455.90 NOTE
r-devel-linux-x86_64-fedora-gcc 0.1.3 449.90 NOTE
r-devel-windows-x86_64 0.1.3 59.00 477.00 536.00 OK
r-patched-linux-x86_64 0.1.3 29.59 333.39 362.98 OK
r-release-linux-x86_64 0.1.3 26.58 334.35 360.93 OK
r-release-macos-arm64 0.1.3 142.00 NOTE
r-release-macos-x86_64 0.1.3 184.00 NOTE
r-release-windows-x86_64 0.1.3 69.00 464.00 533.00 OK
r-oldrel-macos-arm64 0.1.3 155.00 NOTE
r-oldrel-macos-x86_64 0.1.3 196.00 NOTE
r-oldrel-windows-ix86+x86_64 0.1.3 61.00 370.00 431.00 OK

Check Details

Version: 0.1.3
Check: dependencies in R code
Result: NOTE
    Namespaces in Imports field not imported from:
     ‘UpSetR’ ‘alluvial’ ‘gridBase’
     All declared Imports should be used.
Flavors: r-devel-linux-x86_64-fedora-clang, r-devel-linux-x86_64-fedora-gcc, r-release-macos-arm64, r-release-macos-x86_64, r-oldrel-macos-arm64, r-oldrel-macos-x86_64