CRAN Package Check Results for Package StroupGLMM

Last updated on 2024-02-26 15:53:15 CET.

Flavor Version Tinstall Tcheck Ttotal Status Flags
r-devel-linux-x86_64-debian-clang 0.1.0 16.65 146.26 162.91 OK
r-devel-linux-x86_64-debian-gcc 0.1.0 11.97 107.69 119.66 OK
r-devel-linux-x86_64-fedora-clang 0.1.0 191.69 NOTE
r-devel-linux-x86_64-fedora-gcc 0.1.0 188.30 NOTE
r-devel-windows-x86_64 0.1.0 15.00 124.00 139.00 OK
r-patched-linux-x86_64 0.1.0 15.83 137.38 153.21 OK
r-release-linux-x86_64 0.1.0 15.90 138.46 154.36 OK
r-release-macos-arm64 0.1.0 61.00 OK
r-release-macos-x86_64 0.1.0 95.00 OK
r-release-windows-x86_64 0.1.0 21.00 154.00 175.00 OK
r-oldrel-macos-arm64 0.1.0 56.00 NOTE
r-oldrel-windows-x86_64 0.1.0 20.00 155.00 175.00 OK

Check Details

Version: 0.1.0
Check: dependencies in R code
Result: NOTE Namespaces in Imports field not imported from: ‘broom’ ‘car’ ‘lmerTest’ ‘pbkrtest’ All declared Imports should be used. Flavors: r-devel-linux-x86_64-fedora-clang, r-devel-linux-x86_64-fedora-gcc, r-oldrel-macos-arm64