Last updated on 2022-05-17 15:53:30 CEST.
Flavor | Version | Tinstall | Tcheck | Ttotal | Status | Flags |
---|---|---|---|---|---|---|
r-devel-linux-x86_64-debian-clang | 0.1.0 | 16.75 | 158.07 | 174.82 | OK | |
r-devel-linux-x86_64-debian-gcc | 0.1.0 | 12.58 | 114.05 | 126.63 | OK | |
r-devel-linux-x86_64-fedora-clang | 0.1.0 | 206.40 | NOTE | |||
r-devel-linux-x86_64-fedora-gcc | 0.1.0 | 208.44 | NOTE | |||
r-devel-windows-x86_64 | 0.1.0 | 46.00 | 173.00 | 219.00 | OK | |
r-patched-linux-x86_64 | 0.1.0 | 15.25 | 142.55 | 157.80 | OK | |
r-release-linux-x86_64 | 0.1.0 | 16.87 | 141.54 | 158.41 | OK | |
r-release-macos-arm64 | 0.1.0 | 56.00 | NOTE | |||
r-release-macos-x86_64 | 0.1.0 | 93.00 | NOTE | |||
r-release-windows-x86_64 | 0.1.0 | 41.00 | 169.00 | 210.00 | OK | |
r-oldrel-macos-arm64 | 0.1.0 | 65.00 | NOTE | |||
r-oldrel-macos-x86_64 | 0.1.0 | 99.00 | NOTE | |||
r-oldrel-windows-ix86+x86_64 | 0.1.0 | 37.00 | 167.00 | 204.00 | OK |
Version: 0.1.0
Check: dependencies in R code
Result: NOTE
Namespaces in Imports field not imported from:
‘broom’ ‘car’ ‘lmerTest’ ‘pbkrtest’
All declared Imports should be used.
Flavors: r-devel-linux-x86_64-fedora-clang, r-devel-linux-x86_64-fedora-gcc, r-release-macos-arm64, r-release-macos-x86_64, r-oldrel-macos-arm64, r-oldrel-macos-x86_64