CRAN Package Check Results for Package StepwiseTest

Last updated on 2025-01-19 03:49:32 CET.

Flavor Version Tinstall Tcheck Ttotal Status Flags
r-devel-linux-x86_64-debian-clang 1.0 20.47 21.36 41.83 OK
r-devel-linux-x86_64-debian-gcc 1.0 14.89 17.74 32.63 OK
r-devel-linux-x86_64-fedora-clang 1.0 77.76 NOTE
r-devel-linux-x86_64-fedora-gcc 1.0 81.48 NOTE
r-devel-windows-x86_64 1.0 24.00 60.00 84.00 OK
r-patched-linux-x86_64 1.0 20.02 20.27 40.29 OK
r-release-linux-x86_64 1.0 20.15 20.44 40.59 OK
r-release-macos-arm64 1.0 25.00 OK
r-release-macos-x86_64 1.0 33.00 OK
r-release-windows-x86_64 1.0 23.00 60.00 83.00 OK
r-oldrel-macos-arm64 1.0 29.00 OK
r-oldrel-macos-x86_64 1.0 42.00 OK
r-oldrel-windows-x86_64 1.0 26.00 68.00 94.00 OK

Check Details

Version: 1.0
Check: compiled code
Result: NOTE File ‘StepwiseTest/libs/StepwiseTest.so’: Found no calls to: ‘R_registerRoutines’, ‘R_useDynamicSymbols’ It is good practice to register native routines and to disable symbol search. See ‘Writing portable packages’ in the ‘Writing R Extensions’ manual. Flavors: r-devel-linux-x86_64-fedora-clang, r-devel-linux-x86_64-fedora-gcc