Last updated on 2022-06-26 15:53:11 CEST.
Flavor | Version | Tinstall | Tcheck | Ttotal | Status | Flags |
---|---|---|---|---|---|---|
r-devel-linux-x86_64-debian-clang | 1.0.4 | 92.48 | 79.50 | 171.98 | OK | |
r-devel-linux-x86_64-debian-gcc | 1.0.4 | 73.06 | 61.59 | 134.65 | OK | |
r-devel-linux-x86_64-fedora-clang | 1.0.4 | 247.98 | OK | |||
r-devel-linux-x86_64-fedora-gcc | 1.0.4 | 224.56 | OK | |||
r-devel-windows-x86_64 | 1.0.4 | 92.00 | 121.00 | 213.00 | OK | |
r-patched-linux-x86_64 | 1.0.4 | 75.51 | 76.73 | 152.24 | OK | |
r-release-linux-x86_64 | 1.0.4 | 82.26 | 77.11 | 159.37 | OK | |
r-release-macos-arm64 | 1.0.4 | 62.00 | NOTE | |||
r-release-macos-x86_64 | 1.0.4 | 78.00 | OK | |||
r-release-windows-x86_64 | 1.0.4 | 81.00 | 121.00 | 202.00 | OK | |
r-oldrel-macos-arm64 | 1.0.4 | 72.00 | NOTE | |||
r-oldrel-macos-x86_64 | 1.0.4 | 112.00 | NOTE | |||
r-oldrel-windows-ix86+x86_64 | 1.0.4 | 216.00 | 140.00 | 356.00 | OK |
Version: 1.0.4
Check: installed package size
Result: NOTE
installed size is 5.5Mb
sub-directories of 1Mb or more:
libs 5.3Mb
Flavors: r-release-macos-arm64, r-oldrel-macos-arm64, r-oldrel-macos-x86_64