Last updated on 2025-01-20 04:48:40 CET.
Flavor | Version | Tinstall | Tcheck | Ttotal | Status | Flags |
---|---|---|---|---|---|---|
r-devel-linux-x86_64-debian-clang | 2.1.2 | 29.08 | 420.67 | 449.75 | NOTE | |
r-devel-linux-x86_64-debian-gcc | 2.1.2 | 20.86 | 278.72 | 299.58 | NOTE | |
r-devel-linux-x86_64-fedora-clang | 2.1.2 | 745.96 | OK | |||
r-devel-linux-x86_64-fedora-gcc | 2.1.2 | 789.76 | OK | |||
r-devel-windows-x86_64 | 2.1.2 | 25.00 | 360.00 | 385.00 | NOTE | |
r-patched-linux-x86_64 | 2.1.2 | 27.47 | 401.90 | 429.37 | OK | |
r-release-linux-x86_64 | 2.1.2 | 27.09 | 405.87 | 432.96 | OK | |
r-release-macos-arm64 | 2.1.2 | 156.00 | OK | |||
r-release-macos-x86_64 | 2.1.2 | 275.00 | OK | |||
r-release-windows-x86_64 | 2.1.2 | 24.00 | 460.00 | 484.00 | OK | |
r-oldrel-macos-arm64 | 2.1.2 | 198.00 | OK | |||
r-oldrel-macos-x86_64 | 2.1.2 | 419.00 | OK | |||
r-oldrel-windows-x86_64 | 2.1.2 | 30.00 | 577.00 | 607.00 | OK |
Version: 2.1.2
Check: Rd cross-references
Result: NOTE
Found the following Rd file(s) with Rd \link{} targets missing package
anchors:
rasterReilly.Rd: ratify
Please provide package anchors for all Rd \link{} targets not in the
package itself and the base packages.
Flavors: r-devel-linux-x86_64-debian-clang, r-devel-linux-x86_64-debian-gcc, r-devel-windows-x86_64