Last updated on 2023-06-10 03:56:36 CEST.
Flavor | Version | Tinstall | Tcheck | Ttotal | Status | Flags |
---|---|---|---|---|---|---|
r-devel-linux-x86_64-debian-clang | 1.0.0 | 132.44 | 87.42 | 219.86 | NOTE | |
r-devel-linux-x86_64-debian-gcc | 1.0.0 | 145.56 | 64.59 | 210.15 | NOTE | |
r-devel-linux-x86_64-fedora-clang | 1.0.0 | 266.95 | OK | |||
r-devel-linux-x86_64-fedora-gcc | 1.0.0 | 389.97 | OK | |||
r-devel-windows-x86_64 | 1.0.0 | 101.00 | 108.00 | 209.00 | NOTE | |
r-patched-linux-x86_64 | 1.0.0 | 150.69 | 82.45 | 233.14 | NOTE | |
r-release-linux-x86_64 | 1.0.0 | 142.24 | 86.24 | 228.48 | NOTE | |
r-release-macos-arm64 | 1.0.0 | 107.00 | NOTE | |||
r-release-macos-x86_64 | 1.0.0 | 164.00 | NOTE | |||
r-release-windows-x86_64 | 1.0.0 | 133.00 | 141.00 | 274.00 | NOTE | |
r-oldrel-macos-arm64 | 1.0.0 | 73.00 | NOTE | |||
r-oldrel-macos-x86_64 | 1.0.0 | 119.00 | NOTE | |||
r-oldrel-windows-x86_64 | 1.0.0 | 122.00 | 127.00 | 249.00 | NOTE |
Version: 1.0.0
Check: package dependencies
Result: NOTE
Package suggested but not available for checking: ‘INLA’
Flavors: r-devel-linux-x86_64-debian-clang, r-devel-linux-x86_64-debian-gcc, r-devel-windows-x86_64, r-patched-linux-x86_64, r-release-linux-x86_64, r-release-macos-arm64, r-release-macos-x86_64, r-release-windows-x86_64, r-oldrel-macos-arm64, r-oldrel-macos-x86_64, r-oldrel-windows-x86_64
Version: 1.0.0
Check: installed package size
Result: NOTE
installed size is 14.5Mb
sub-directories of 1Mb or more:
libs 13.5Mb
Flavors: r-devel-windows-x86_64, r-release-macos-arm64, r-release-macos-x86_64, r-release-windows-x86_64, r-oldrel-macos-arm64, r-oldrel-macos-x86_64, r-oldrel-windows-x86_64