Last updated on 2022-05-21 04:59:21 CEST.
Flavor | Version | Tinstall | Tcheck | Ttotal | Status | Flags |
---|---|---|---|---|---|---|
r-devel-linux-x86_64-debian-clang | 4.0 | 12.99 | 117.02 | 130.01 | OK | |
r-devel-linux-x86_64-debian-gcc | 4.0 | 9.21 | 88.48 | 97.69 | OK | |
r-devel-linux-x86_64-fedora-clang | 4.0 | 151.69 | NOTE | |||
r-devel-linux-x86_64-fedora-gcc | 4.0 | 148.46 | NOTE | |||
r-devel-windows-x86_64 | 4.0 | 24.00 | 131.00 | 155.00 | OK | |
r-patched-linux-x86_64 | 4.0 | 15.23 | 109.40 | 124.63 | OK | |
r-release-linux-x86_64 | 4.0 | 11.85 | 107.54 | 119.39 | OK | |
r-release-macos-arm64 | 4.0 | 40.00 | OK | |||
r-release-macos-x86_64 | 4.0 | 58.00 | OK | |||
r-release-windows-x86_64 | 4.0 | 25.00 | 128.00 | 153.00 | OK | |
r-oldrel-macos-arm64 | 4.0 | 47.00 | OK | |||
r-oldrel-macos-x86_64 | 4.0 | 74.00 | OK | |||
r-oldrel-windows-ix86+x86_64 | 4.0 | 29.00 | 173.00 | 202.00 | OK |
Version: 4.0
Check: compiled code
Result: NOTE
File ‘SparseTSCGM/libs/SparseTSCGM.so’:
Found no calls to: ‘R_registerRoutines’, ‘R_useDynamicSymbols’
It is good practice to register native routines and to disable symbol
search.
See ‘Writing portable packages’ in the ‘Writing R Extensions’ manual.
Flavors: r-devel-linux-x86_64-fedora-clang, r-devel-linux-x86_64-fedora-gcc