CRAN Package Check Results for Package SparseLPM

Last updated on 2022-06-29 15:50:05 CEST.

Flavor Version Tinstall Tcheck Ttotal Status Flags
r-devel-linux-x86_64-debian-clang 1.0 106.01 74.89 180.90 OK
r-devel-linux-x86_64-debian-gcc 1.0 87.50 56.60 144.10 OK
r-devel-linux-x86_64-fedora-clang 1.0 269.66 WARN
r-devel-linux-x86_64-fedora-gcc 1.0 240.76 WARN
r-devel-windows-x86_64 1.0 92.00 118.00 210.00 OK
r-patched-linux-x86_64 1.0 89.57 70.98 160.55 OK
r-release-linux-x86_64 1.0 89.84 71.69 161.53 OK
r-release-macos-arm64 1.0 58.00 OK
r-release-macos-x86_64 1.0 87.00 OK
r-release-windows-x86_64 1.0 88.00 113.00 201.00 OK
r-oldrel-macos-arm64 1.0 64.00 OK
r-oldrel-macos-x86_64 1.0 112.00 OK
r-oldrel-windows-ix86+x86_64 1.0 270.00 132.00 402.00 OK

Check Details

Version: 1.0
Check: package dependencies
Result: WARN
    Requires orphaned package: ‘gtools’
Flavors: r-devel-linux-x86_64-fedora-clang, r-devel-linux-x86_64-fedora-gcc