CRAN Package Check Results for Package SparseGrid

Last updated on 2022-05-25 04:55:37 CEST.

Flavor Version Tinstall Tcheck Ttotal Status Flags
r-devel-linux-x86_64-debian-clang 0.8.2 2.53 62.04 64.57 NOTE
r-devel-linux-x86_64-debian-gcc 0.8.2 1.91 44.56 46.47 NOTE
r-devel-linux-x86_64-fedora-clang 0.8.2 78.89 NOTE
r-devel-linux-x86_64-fedora-gcc 0.8.2 78.25 NOTE
r-devel-windows-x86_64 0.8.2 24.00 87.00 111.00 NOTE
r-patched-linux-x86_64 0.8.2 2.77 58.87 61.64 NOTE
r-release-linux-x86_64 0.8.2 NOTE
r-release-macos-arm64 0.8.2 26.00 NOTE
r-release-macos-x86_64 0.8.2 40.00 NOTE
r-release-windows-x86_64 0.8.2 35.00 88.00 123.00 NOTE
r-oldrel-macos-arm64 0.8.2 33.00 NOTE
r-oldrel-macos-x86_64 0.8.2 51.00 NOTE
r-oldrel-windows-ix86+x86_64 0.8.2 7.00 78.00 85.00 NOTE

Check Details

Version: 0.8.2
Check: DESCRIPTION meta-information
Result: NOTE
    Malformed Description field: should contain one or more complete sentences.
Flavors: r-devel-linux-x86_64-debian-clang, r-devel-linux-x86_64-debian-gcc, r-devel-linux-x86_64-fedora-clang, r-devel-linux-x86_64-fedora-gcc, r-devel-windows-x86_64, r-patched-linux-x86_64, r-release-linux-x86_64, r-release-macos-arm64, r-release-macos-x86_64, r-release-windows-x86_64, r-oldrel-macos-arm64, r-oldrel-macos-x86_64, r-oldrel-windows-ix86+x86_64