Last updated on 2022-05-22 03:51:37 CEST.
Flavor | Version | Tinstall | Tcheck | Ttotal | Status | Flags |
---|---|---|---|---|---|---|
r-devel-linux-x86_64-debian-clang | 1.0.10 | 61.91 | 492.58 | 554.49 | NOTE | |
r-devel-linux-x86_64-debian-gcc | 1.0.10 | 49.29 | 10.10 | 59.39 | FAIL | |
r-devel-linux-x86_64-fedora-clang | 1.0.10 | 644.59 | NOTE | |||
r-devel-linux-x86_64-fedora-gcc | 1.0.10 | 635.89 | NOTE | |||
r-devel-windows-x86_64 | 1.0.10 | 357.00 | 584.00 | 941.00 | OK | |
r-patched-linux-x86_64 | 1.0.10 | 68.70 | 464.11 | 532.81 | NOTE | |
r-release-linux-x86_64 | 1.0.10 | 60.19 | 466.74 | 526.93 | NOTE | |
r-release-macos-arm64 | 1.0.10 | 179.00 | OK | |||
r-release-macos-x86_64 | 1.0.10 | 332.00 | OK | |||
r-release-windows-x86_64 | 1.0.10 | 320.00 | 585.00 | 905.00 | OK | |
r-oldrel-macos-arm64 | 1.0.10 | 171.00 | OK | |||
r-oldrel-macos-x86_64 | 1.0.10 | 276.00 | OK | |||
r-oldrel-windows-ix86+x86_64 | 1.0.10 | 127.00 | 586.00 | 713.00 | OK |
Version: 1.0.10
Check: package dependencies
Result: NOTE
Package suggested but not available for checking: 'RandomFields'
Flavors: r-devel-linux-x86_64-debian-clang, r-devel-linux-x86_64-fedora-clang, r-devel-linux-x86_64-fedora-gcc, r-patched-linux-x86_64, r-release-linux-x86_64
Version: 1.0.10
Check: package dependencies
Result: FAIL
Flavor: r-devel-linux-x86_64-debian-gcc