CRAN Package Check Results for Package SpaDES.addins

Last updated on 2022-06-28 03:51:43 CEST.

Flavor Version Tinstall Tcheck Ttotal Status Flags
r-devel-linux-x86_64-debian-clang 0.1.3 39.55 332.15 371.70 OK
r-devel-linux-x86_64-debian-gcc 0.1.3 32.77 246.22 278.99 OK
r-devel-linux-x86_64-fedora-clang 0.1.3 439.51 NOTE
r-devel-linux-x86_64-fedora-gcc 0.1.3 440.51 NOTE
r-devel-windows-x86_64 0.1.3 49.00 327.00 376.00 OK
r-patched-linux-x86_64 0.1.3 33.54 319.25 352.79 OK
r-release-linux-x86_64 0.1.3 30.19 320.61 350.80 OK
r-release-macos-arm64 0.1.3 91.00 NOTE
r-release-macos-x86_64 0.1.3 173.00 NOTE
r-release-windows-x86_64 0.1.3 44.00 331.00 375.00 OK
r-oldrel-macos-arm64 0.1.3 59.00 NOTE
r-oldrel-macos-x86_64 0.1.3 73.00 NOTE
r-oldrel-windows-ix86+x86_64 0.1.3 85.00 341.00 426.00 OK

Check Details

Version: 0.1.3
Check: dependencies in R code
Result: NOTE
    Namespaces in Imports field not imported from:
     ‘devtools’ ‘rstudioapi’
     All declared Imports should be used.
Flavors: r-devel-linux-x86_64-fedora-clang, r-devel-linux-x86_64-fedora-gcc, r-release-macos-arm64, r-release-macos-x86_64, r-oldrel-macos-arm64, r-oldrel-macos-x86_64