Last updated on 2022-06-28 03:51:43 CEST.
Flavor | Version | Tinstall | Tcheck | Ttotal | Status | Flags |
---|---|---|---|---|---|---|
r-devel-linux-x86_64-debian-clang | 0.1.0 | 32.88 | 114.50 | 147.38 | OK | |
r-devel-linux-x86_64-debian-gcc | 0.1.0 | 29.42 | 83.25 | 112.67 | OK | |
r-devel-linux-x86_64-fedora-clang | 0.1.0 | 198.66 | NOTE | |||
r-devel-linux-x86_64-fedora-gcc | 0.1.0 | 187.17 | NOTE | |||
r-devel-windows-x86_64 | 0.1.0 | 36.00 | 160.00 | 196.00 | OK | |
r-patched-linux-x86_64 | 0.1.0 | 21.91 | 104.16 | 126.07 | OK | |
r-release-linux-x86_64 | 0.1.0 | 22.65 | 103.85 | 126.50 | OK | |
r-release-macos-arm64 | 0.1.0 | 52.00 | OK | |||
r-release-macos-x86_64 | 0.1.0 | 84.00 | OK | |||
r-release-windows-x86_64 | 0.1.0 | 35.00 | 149.00 | 184.00 | OK | |
r-oldrel-macos-arm64 | 0.1.0 | 53.00 | OK | |||
r-oldrel-macos-x86_64 | 0.1.0 | 99.00 | OK | |||
r-oldrel-windows-ix86+x86_64 | 0.1.0 | 89.00 | 228.00 | 317.00 | OK |
Version: 0.1.0
Check: compiled code
Result: NOTE
File ‘SpaCCr/libs/SpaCCr.so’:
Found no calls to: ‘R_registerRoutines’, ‘R_useDynamicSymbols’
It is good practice to register native routines and to disable symbol
search.
See ‘Writing portable packages’ in the ‘Writing R Extensions’ manual.
Flavors: r-devel-linux-x86_64-fedora-clang, r-devel-linux-x86_64-fedora-gcc