CRAN Package Check Results for Package SmoothWin

Last updated on 2022-05-24 15:52:58 CEST.

Flavor Version Tinstall Tcheck Ttotal Status Flags
r-devel-linux-x86_64-debian-clang 3.0.0 2.48 50.86 53.34 OK
r-devel-linux-x86_64-debian-gcc 3.0.0 2.67 39.10 41.77 OK
r-devel-linux-x86_64-fedora-clang 3.0.0 63.85 NOTE
r-devel-linux-x86_64-fedora-gcc 3.0.0 63.67 NOTE
r-devel-windows-x86_64 3.0.0 11.00 74.00 85.00 OK
r-patched-linux-x86_64 3.0.0 2.26 49.40 51.66 OK
r-release-linux-x86_64 3.0.0 OK
r-release-macos-arm64 3.0.0 22.00 NOTE
r-release-macos-x86_64 3.0.0 28.00 NOTE
r-release-windows-x86_64 3.0.0 12.00 74.00 86.00 OK
r-oldrel-macos-arm64 3.0.0 26.00 NOTE
r-oldrel-macos-x86_64 3.0.0 39.00 NOTE
r-oldrel-windows-ix86+x86_64 3.0.0 8.00 68.00 76.00 OK

Check Details

Version: 3.0.0
Check: dependencies in R code
Result: NOTE
    Namespace in Imports field not imported from: ‘nlme’
     All declared Imports should be used.
Flavors: r-devel-linux-x86_64-fedora-clang, r-devel-linux-x86_64-fedora-gcc, r-release-macos-arm64, r-release-macos-x86_64, r-oldrel-macos-arm64, r-oldrel-macos-x86_64