CRAN Package Check Results for Package SmithWilsonYieldCurve

Last updated on 2022-01-21 16:51:08 CET.

Flavor Version Tinstall Tcheck Ttotal Status Flags
r-devel-linux-x86_64-debian-clang 1.0.1 1.41 30.08 31.49 NOTE
r-devel-linux-x86_64-debian-gcc 1.0.1 1.59 23.87 25.46 NOTE
r-devel-linux-x86_64-fedora-clang 1.0.1 40.28 NOTE
r-devel-linux-x86_64-fedora-gcc 1.0.1 29.34 NOTE
r-devel-windows-x86_64-new-UL 1.0.1 346.00 53.00 399.00 NOTE
r-devel-windows-x86_64-new-TK 1.0.1 NOTE
r-patched-linux-x86_64 1.0.1 2.34 29.14 31.48 NOTE
r-release-linux-x86_64 1.0.1 1.70 29.42 31.12 NOTE
r-release-macos-arm64 1.0.1 NOTE
r-release-macos-x86_64 1.0.1 NOTE
r-release-windows-ix86+x86_64 1.0.1 5.00 40.00 45.00 NOTE
r-oldrel-macos-x86_64 1.0.1 NOTE
r-oldrel-windows-ix86+x86_64 1.0.1 5.00 43.00 48.00 NOTE

Check Details

Version: 1.0.1
Check: DESCRIPTION meta-information
Result: NOTE
    Malformed Description field: should contain one or more complete sentences.
Flavors: r-devel-linux-x86_64-debian-clang, r-devel-linux-x86_64-debian-gcc, r-devel-linux-x86_64-fedora-clang, r-devel-linux-x86_64-fedora-gcc, r-devel-windows-x86_64-new-UL, r-devel-windows-x86_64-new-TK, r-patched-linux-x86_64, r-release-linux-x86_64, r-release-macos-arm64, r-release-macos-x86_64, r-release-windows-ix86+x86_64, r-oldrel-macos-x86_64, r-oldrel-windows-ix86+x86_64

Version: 1.0.1
Check: R code for possible problems
Result: NOTE
    lines.SmithWilsonYieldCurve: no visible global function definition for
     'lines'
    points.SmithWilsonYieldCurve: no visible global function definition for
     'points'
    Undefined global functions or variables:
     lines points
    Consider adding
     importFrom("graphics", "lines", "points")
    to your NAMESPACE file.
Flavors: r-devel-linux-x86_64-debian-clang, r-devel-linux-x86_64-debian-gcc, r-devel-linux-x86_64-fedora-clang, r-devel-linux-x86_64-fedora-gcc, r-devel-windows-x86_64-new-UL, r-devel-windows-x86_64-new-TK, r-patched-linux-x86_64, r-release-linux-x86_64, r-release-macos-arm64, r-release-macos-x86_64, r-release-windows-ix86+x86_64, r-oldrel-macos-x86_64, r-oldrel-windows-ix86+x86_64