Last updated on 2023-12-10 15:50:43 CET.
Flavor | Version | Tinstall | Tcheck | Ttotal | Status | Flags |
---|---|---|---|---|---|---|
r-devel-linux-x86_64-debian-clang | 1.0.0 | 3.48 | 38.19 | 41.67 | NOTE | |
r-devel-linux-x86_64-debian-gcc | 1.0.0 | 3.04 | 29.17 | 32.21 | NOTE | |
r-devel-linux-x86_64-fedora-clang | 1.0.0 | 52.24 | NOTE | |||
r-devel-linux-x86_64-fedora-gcc | 1.0.0 | 50.16 | NOTE | |||
r-devel-windows-x86_64 | 1.0.0 | 5.00 | 52.00 | 57.00 | OK | |
r-patched-linux-x86_64 | 1.0.0 | 4.56 | 37.04 | 41.60 | OK | |
r-release-linux-x86_64 | 1.0.0 | 3.79 | 36.78 | 40.57 | OK | |
r-release-macos-arm64 | 1.0.0 | 23.00 | OK | |||
r-release-macos-x86_64 | 1.0.0 | 29.00 | OK | |||
r-release-windows-x86_64 | 1.0.0 | 7.00 | 55.00 | 62.00 | OK | |
r-oldrel-macos-arm64 | 1.0.0 | 21.00 | NOTE | |||
r-oldrel-macos-x86_64 | 1.0.0 | 35.00 | NOTE | |||
r-oldrel-windows-x86_64 | 1.0.0 | 7.00 | 60.00 | 67.00 | OK |
Version: 1.0.0
Check: Rd files
Result: NOTE
checkRd: (-1) make_one_dataset.Rd:67: Lost braces; missing escapes or markup?
67 | \code{within.SD} to be extremely small (e.g., $1 * 10^{-7}$) and all corresponding correlations in matrix
| ^
Flavors: r-devel-linux-x86_64-debian-clang, r-devel-linux-x86_64-debian-gcc
Version: 1.0.0
Check: dependencies in R code
Result: NOTE
Namespace in Imports field not imported from: ‘metafor’
All declared Imports should be used.
Flavors: r-devel-linux-x86_64-fedora-clang, r-devel-linux-x86_64-fedora-gcc, r-oldrel-macos-arm64, r-oldrel-macos-x86_64