CRAN Package Check Results for Package SimReg

Last updated on 2022-06-26 15:53:11 CEST.

Flavor Version Tinstall Tcheck Ttotal Status Flags
r-devel-linux-x86_64-debian-clang 3.3 41.99 92.19 134.18 OK
r-devel-linux-x86_64-debian-gcc 3.3 32.91 70.61 103.52 OK
r-devel-linux-x86_64-fedora-clang 3.3 189.18 NOTE
r-devel-linux-x86_64-fedora-gcc 3.3 172.31 NOTE
r-devel-windows-x86_64 3.3 50.00 142.00 192.00 OK
r-patched-linux-x86_64 3.3 34.56 87.57 122.13 OK
r-release-linux-x86_64 3.3 37.56 88.40 125.96 OK
r-release-macos-arm64 3.3 52.00 NOTE
r-release-macos-x86_64 3.3 67.00 NOTE
r-release-windows-x86_64 3.3 46.00 141.00 187.00 OK
r-oldrel-macos-arm64 3.3 62.00 NOTE
r-oldrel-macos-x86_64 3.3 97.00 NOTE
r-oldrel-windows-ix86+x86_64 3.3 105.00 158.00 263.00 OK

Check Details

Version: 3.3
Check: dependencies in R code
Result: NOTE
    Namespace in Imports field not imported from: ‘Rcpp’
     All declared Imports should be used.
Flavors: r-devel-linux-x86_64-fedora-clang, r-devel-linux-x86_64-fedora-gcc, r-release-macos-arm64, r-release-macos-x86_64, r-oldrel-macos-arm64, r-oldrel-macos-x86_64