CRAN Package Check Results for Package SimJoint

Last updated on 2022-06-26 15:53:11 CEST.

Flavor Version Tinstall Tcheck Ttotal Status Flags
r-devel-linux-x86_64-debian-clang 0.3.9 81.99 41.44 123.43 NOTE
r-devel-linux-x86_64-debian-gcc 0.3.9 65.92 33.26 99.18 NOTE
r-devel-linux-x86_64-fedora-clang 0.3.9 195.43 NOTE
r-devel-linux-x86_64-fedora-gcc 0.3.9 175.29 NOTE
r-devel-windows-x86_64 0.3.9 76.00 92.00 168.00 NOTE
r-patched-linux-x86_64 0.3.9 72.44 40.21 112.65 NOTE
r-release-linux-x86_64 0.3.9 66.11 40.38 106.49 NOTE
r-release-macos-arm64 0.3.9 50.00 NOTE
r-release-macos-x86_64 0.3.9 66.00 NOTE
r-release-windows-x86_64 0.3.9 71.00 91.00 162.00 NOTE
r-oldrel-macos-arm64 0.3.9 50.00 NOTE
r-oldrel-macos-x86_64 0.3.9 67.00 NOTE
r-oldrel-windows-ix86+x86_64 0.3.9 186.00 94.00 280.00 NOTE

Check Details

Version: 0.3.9
Check: for GNU extensions in Makefiles
Result: NOTE
    GNU make is a SystemRequirements.
Flavors: r-devel-linux-x86_64-debian-clang, r-devel-linux-x86_64-debian-gcc, r-devel-linux-x86_64-fedora-clang, r-devel-linux-x86_64-fedora-gcc, r-devel-windows-x86_64, r-patched-linux-x86_64, r-release-linux-x86_64, r-release-macos-arm64, r-release-macos-x86_64, r-release-windows-x86_64, r-oldrel-macos-arm64, r-oldrel-macos-x86_64, r-oldrel-windows-ix86+x86_64

Version: 0.3.9
Check: installed package size
Result: NOTE
     installed size is 5.7Mb
     sub-directories of 1Mb or more:
     libs 5.3Mb
Flavors: r-release-macos-arm64, r-release-macos-x86_64, r-oldrel-macos-arm64, r-oldrel-macos-x86_64