Last updated on 2022-05-27 04:56:49 CEST.
Flavor | Version | Tinstall | Tcheck | Ttotal | Status | Flags |
---|---|---|---|---|---|---|
r-devel-linux-x86_64-debian-clang | 1.6.0 | 99.57 | 487.63 | 587.20 | OK | |
r-devel-linux-x86_64-debian-gcc | 1.6.0 | 77.21 | 360.90 | 438.11 | OK | |
r-devel-linux-x86_64-fedora-clang | 1.6.0 | 733.08 | NOTE | |||
r-devel-linux-x86_64-fedora-gcc | 1.6.0 | 697.52 | OK | |||
r-devel-windows-x86_64 | 1.6.0 | 157.00 | 522.00 | 679.00 | OK | |
r-patched-linux-x86_64 | 1.6.0 | 80.28 | 454.27 | 534.55 | OK | |
r-release-linux-x86_64 | 1.6.0 | 64.82 | 462.31 | 527.13 | OK | |
r-release-macos-arm64 | 1.6.0 | 165.00 | NOTE | |||
r-release-macos-x86_64 | 1.6.0 | 274.00 | OK | |||
r-release-windows-x86_64 | 1.6.0 | 159.00 | 535.00 | 694.00 | OK | |
r-oldrel-macos-arm64 | 1.6.0 | 139.00 | NOTE | |||
r-oldrel-macos-x86_64 | 1.6.0 | 203.00 | OK | |||
r-oldrel-windows-ix86+x86_64 | 1.6.0 | 215.00 | 721.00 | 936.00 | OK |
Version: 1.6.0
Check: package dependencies
Result: NOTE
Imports includes 29 non-default packages.
Importing from so many packages makes the package vulnerable to any of
them becoming unavailable. Move as many as possible to Suggests and
use conditionally.
Flavor: r-devel-linux-x86_64-fedora-clang
Version: 1.6.0
Check: package dependencies
Result: NOTE
Packages suggested but not available for checking:
'chromVAR', 'TFBSTools', 'motifmatchr', 'BSgenome', 'rtracklayer',
'biovizBase'
Flavor: r-release-macos-arm64
Version: 1.6.0
Check: Rd cross-references
Result: NOTE
Packages unavailable to check Rd xrefs: ‘TFBSTools’, ‘motifmatchr’, ‘BSgenome’, ‘biovizBase’, ‘chromVAR’
Flavor: r-release-macos-arm64
Version: 1.6.0
Check: package dependencies
Result: NOTE
Packages suggested but not available for checking:
'chromVAR', 'TFBSTools', 'motifmatchr'
Flavor: r-oldrel-macos-arm64
Version: 1.6.0
Check: installed package size
Result: NOTE
installed size is 5.2Mb
sub-directories of 1Mb or more:
R 2.0Mb
libs 2.2Mb
Flavor: r-oldrel-macos-arm64
Version: 1.6.0
Check: Rd cross-references
Result: NOTE
Packages unavailable to check Rd xrefs: ‘TFBSTools’, ‘motifmatchr’, ‘chromVAR’
Flavor: r-oldrel-macos-arm64