Last updated on 2023-12-02 15:50:09 CET.
Flavor | Version | Tinstall | Tcheck | Ttotal | Status | Flags |
---|---|---|---|---|---|---|
r-devel-linux-x86_64-debian-clang | 1.1.3 | 90.64 | 77.69 | 168.33 | OK | |
r-devel-linux-x86_64-debian-gcc | 1.1.3 | 63.22 | 58.45 | 121.67 | OK | |
r-devel-linux-x86_64-fedora-clang | 1.1.3 | 238.31 | NOTE | |||
r-devel-linux-x86_64-fedora-gcc | 1.1.3 | 223.65 | NOTE | |||
r-devel-windows-x86_64 | 1.1.3 | 74.00 | 116.00 | 190.00 | NOTE | |
r-patched-linux-x86_64 | 1.1.3 | 74.14 | 74.41 | 148.55 | OK | |
r-release-linux-x86_64 | 1.1.3 | 76.28 | 73.98 | 150.26 | OK | |
r-release-macos-arm64 | 1.1.3 | 76.00 | NOTE | |||
r-release-macos-x86_64 | 1.1.3 | 106.00 | NOTE | |||
r-release-windows-x86_64 | 1.1.3 | 94.00 | 132.00 | 226.00 | NOTE | |
r-oldrel-macos-arm64 | 1.1.3 | 65.00 | NOTE | |||
r-oldrel-macos-x86_64 | 1.1.3 | 108.00 | NOTE | |||
r-oldrel-windows-x86_64 | 1.1.3 | 93.00 | 112.00 | 205.00 | NOTE |
Version: 1.1.3
Check: installed package size
Result: NOTE
installed size is 5.3Mb
sub-directories of 1Mb or more:
data 4.7Mb
Flavors: r-devel-linux-x86_64-fedora-clang, r-devel-windows-x86_64, r-release-macos-arm64, r-release-macos-x86_64, r-release-windows-x86_64, r-oldrel-macos-arm64, r-oldrel-macos-x86_64, r-oldrel-windows-x86_64
Version: 1.1.3
Check: dependencies in R code
Result: NOTE
Namespace in Imports field not imported from: ‘Rdpack’
All declared Imports should be used.
Flavors: r-devel-linux-x86_64-fedora-clang, r-devel-linux-x86_64-fedora-gcc, r-oldrel-macos-arm64, r-oldrel-macos-x86_64