CRAN Package Check Results for Package Semblance

Last updated on 2022-06-27 03:51:24 CEST.

Flavor Version Tinstall Tcheck Ttotal Status Flags
r-devel-linux-x86_64-debian-clang 1.1.0 14.30 120.69 134.99 NOTE
r-devel-linux-x86_64-debian-gcc 1.1.0 10.48 89.59 100.07 NOTE
r-devel-linux-x86_64-fedora-clang 1.1.0 167.56 NOTE
r-devel-linux-x86_64-fedora-gcc 1.1.0 167.03 NOTE
r-devel-windows-x86_64 1.1.0 22.00 138.00 160.00 NOTE
r-patched-linux-x86_64 1.1.0 13.45 114.18 127.63 NOTE
r-release-linux-x86_64 1.1.0 10.03 115.17 125.20 NOTE
r-release-macos-arm64 1.1.0 44.00 NOTE
r-release-macos-x86_64 1.1.0 78.00 NOTE
r-release-windows-x86_64 1.1.0 24.00 141.00 165.00 NOTE
r-oldrel-macos-arm64 1.1.0 52.00 NOTE
r-oldrel-macos-x86_64 1.1.0 78.00 NOTE
r-oldrel-windows-ix86+x86_64 1.1.0 34.00 131.00 165.00 NOTE

Check Details

Version: 1.1.0
Check: LazyData
Result: NOTE
     'LazyData' is specified without a 'data' directory
Flavors: r-devel-linux-x86_64-debian-clang, r-devel-linux-x86_64-debian-gcc, r-devel-linux-x86_64-fedora-clang, r-devel-linux-x86_64-fedora-gcc, r-devel-windows-x86_64, r-patched-linux-x86_64, r-release-linux-x86_64, r-release-macos-arm64, r-release-macos-x86_64, r-release-windows-x86_64, r-oldrel-macos-arm64, r-oldrel-macos-x86_64, r-oldrel-windows-ix86+x86_64