CRAN Package Check Results for Package SemNetDictionaries

Last updated on 2023-06-10 03:56:34 CEST.

Flavor Version Tinstall Tcheck Ttotal Status Flags
r-devel-linux-x86_64-debian-clang 0.2.0 5.48 37.35 42.83 OK
r-devel-linux-x86_64-debian-gcc 0.2.0 5.21 29.55 34.76 OK
r-devel-linux-x86_64-fedora-clang 0.2.0 55.40 NOTE
r-devel-linux-x86_64-fedora-gcc 0.2.0 64.15 NOTE
r-devel-windows-x86_64 0.2.0 7.00 59.00 66.00 OK
r-patched-linux-x86_64 0.2.0 5.39 36.42 41.81 OK
r-release-linux-x86_64 0.2.0 6.18 36.68 42.86 OK
r-release-macos-arm64 0.2.0 33.00 OK
r-release-macos-x86_64 0.2.0 59.00 OK
r-release-windows-x86_64 0.2.0 8.00 60.00 68.00 OK
r-oldrel-macos-arm64 0.2.0 25.00 NOTE
r-oldrel-macos-x86_64 0.2.0 33.00 NOTE
r-oldrel-windows-x86_64 0.2.0 8.00 61.00 69.00 OK

Check Details

Version: 0.2.0
Check: dependencies in R code
Result: NOTE
    Namespace in Imports field not imported from: ‘knitr’
     All declared Imports should be used.
Flavors: r-devel-linux-x86_64-fedora-clang, r-devel-linux-x86_64-fedora-gcc, r-oldrel-macos-arm64, r-oldrel-macos-x86_64

Version: 0.2.0
Check: Rd cross-references
Result: NOTE
    Undeclared package ‘SemNetCleaner’ in Rd xrefs
Flavor: r-devel-linux-x86_64-fedora-clang