Last updated on 2022-06-28 15:53:28 CEST.
Flavor | Version | Tinstall | Tcheck | Ttotal | Status | Flags |
---|---|---|---|---|---|---|
r-devel-linux-x86_64-debian-clang | 0.2.0 | 5.55 | 38.85 | 44.40 | OK | |
r-devel-linux-x86_64-debian-gcc | 0.2.0 | 4.22 | 30.44 | 34.66 | OK | |
r-devel-linux-x86_64-fedora-clang | 0.2.0 | 64.65 | NOTE | |||
r-devel-linux-x86_64-fedora-gcc | 0.2.0 | 63.58 | NOTE | |||
r-devel-windows-x86_64 | 0.2.0 | 100.00 | 75.00 | 175.00 | OK | |
r-patched-linux-x86_64 | 0.2.0 | 6.44 | 37.64 | 44.08 | OK | |
r-release-linux-x86_64 | 0.2.0 | 5.17 | 37.62 | 42.79 | OK | |
r-release-macos-arm64 | 0.2.0 | 25.00 | NOTE | |||
r-release-macos-x86_64 | 0.2.0 | 33.00 | NOTE | |||
r-release-windows-x86_64 | 0.2.0 | 74.00 | 76.00 | 150.00 | OK | |
r-oldrel-macos-arm64 | 0.2.0 | 24.00 | NOTE | |||
r-oldrel-macos-x86_64 | 0.2.0 | 36.00 | NOTE | |||
r-oldrel-windows-ix86+x86_64 | 0.2.0 | 10.00 | 66.00 | 76.00 | OK |
Version: 0.2.0
Check: dependencies in R code
Result: NOTE
Namespace in Imports field not imported from: ‘knitr’
All declared Imports should be used.
Flavors: r-devel-linux-x86_64-fedora-clang, r-devel-linux-x86_64-fedora-gcc, r-release-macos-arm64, r-release-macos-x86_64, r-oldrel-macos-arm64, r-oldrel-macos-x86_64
Version: 0.2.0
Check: Rd cross-references
Result: NOTE
Undeclared package ‘SemNetCleaner’ in Rd xrefs
Flavor: r-devel-linux-x86_64-fedora-clang