Last updated on 2022-06-28 03:51:43 CEST.
Flavor | Version | Tinstall | Tcheck | Ttotal | Status | Flags |
---|---|---|---|---|---|---|
r-devel-linux-x86_64-debian-clang | 1.2.1 | 147.57 | 38.75 | 186.32 | OK | |
r-devel-linux-x86_64-debian-gcc | 1.2.1 | 115.94 | 29.97 | 145.91 | OK | |
r-devel-linux-x86_64-fedora-clang | 1.2.1 | 291.71 | OK | |||
r-devel-linux-x86_64-fedora-gcc | 1.2.1 | 263.34 | OK | |||
r-devel-windows-x86_64 | 1.2.1 | 132.00 | 81.00 | 213.00 | OK | |
r-patched-linux-x86_64 | 1.2.1 | 131.55 | 36.60 | 168.15 | OK | |
r-release-linux-x86_64 | 1.2.1 | 127.95 | 36.55 | 164.50 | OK | |
r-release-macos-arm64 | 1.2.1 | 60.00 | NOTE | |||
r-release-macos-x86_64 | 1.2.1 | 78.00 | NOTE | |||
r-release-windows-x86_64 | 1.2.1 | 125.00 | 83.00 | 208.00 | OK | |
r-oldrel-macos-arm64 | 1.2.1 | 66.00 | NOTE | |||
r-oldrel-macos-x86_64 | 1.2.1 | 116.00 | NOTE | |||
r-oldrel-windows-ix86+x86_64 | 1.2.1 | 381.00 | 88.00 | 469.00 | OK |
Version: 1.2.1
Check: installed package size
Result: NOTE
installed size is 6.0Mb
sub-directories of 1Mb or more:
libs 5.8Mb
Flavors: r-release-macos-arm64, r-release-macos-x86_64, r-oldrel-macos-arm64, r-oldrel-macos-x86_64