CRAN Package Check Results for Package Select

Last updated on 2022-06-26 15:53:10 CEST.

Flavor Version Tinstall Tcheck Ttotal Status Flags
r-devel-linux-x86_64-debian-clang 1.4 1.74 35.96 37.70 OK
r-devel-linux-x86_64-debian-gcc 1.4 1.94 27.09 29.03 OK
r-devel-linux-x86_64-fedora-clang 1.4 56.34 NOTE
r-devel-linux-x86_64-fedora-gcc 1.4 54.18 NOTE
r-devel-windows-x86_64 1.4 11.00 63.00 74.00 OK
r-patched-linux-x86_64 1.4 2.11 34.36 36.47 OK
r-release-linux-x86_64 1.4 2.55 33.69 36.24 OK
r-release-macos-arm64 1.4 21.00 NOTE
r-release-macos-x86_64 1.4 26.00 NOTE
r-release-windows-x86_64 1.4 17.00 61.00 78.00 OK
r-oldrel-macos-arm64 1.4 30.00 NOTE
r-oldrel-macos-x86_64 1.4 33.00 NOTE
r-oldrel-windows-ix86+x86_64 1.4 8.00 53.00 61.00 OK

Check Details

Version: 1.4
Check: dependencies in R code
Result: NOTE
    Namespace in Imports field not imported from: ‘FD’
     All declared Imports should be used.
Flavors: r-devel-linux-x86_64-fedora-clang, r-devel-linux-x86_64-fedora-gcc, r-release-macos-arm64, r-release-macos-x86_64, r-oldrel-macos-arm64, r-oldrel-macos-x86_64