Last updated on 2022-05-21 04:59:22 CEST.
Flavor | Version | Tinstall | Tcheck | Ttotal | Status | Flags |
---|---|---|---|---|---|---|
r-devel-linux-x86_64-debian-clang | 1.1.2 | 15.67 | 145.71 | 161.38 | OK | |
r-devel-linux-x86_64-debian-gcc | 1.1.2 | 12.43 | 105.30 | 117.73 | OK | |
r-devel-linux-x86_64-fedora-clang | 1.1.2 | 186.90 | OK | |||
r-devel-linux-x86_64-fedora-gcc | 1.1.2 | 188.55 | OK | |||
r-devel-windows-x86_64 | 1.1.2 | 20.00 | 153.00 | 173.00 | OK | |
r-patched-linux-x86_64 | 1.1.2 | 16.39 | 136.66 | 153.05 | OK | |
r-release-linux-x86_64 | 1.1.2 | 13.45 | 135.20 | 148.65 | OK | |
r-release-macos-arm64 | 1.1.2 | 50.00 | OK | |||
r-release-macos-x86_64 | 1.1.2 | 7.00 | ERROR | |||
r-release-windows-x86_64 | 1.1.2 | 22.00 | 157.00 | 179.00 | OK | |
r-oldrel-macos-arm64 | 1.1.2 | 75.00 | OK | |||
r-oldrel-macos-x86_64 | 1.1.2 | 69.00 | OK | |||
r-oldrel-windows-ix86+x86_64 | 1.1.2 | 34.00 | 149.00 | 183.00 | OK |
Version: 1.1.2
Check: package dependencies
Result: ERROR
Package required but not available: ‘RcppAlgos’
See section ‘The DESCRIPTION file’ in the ‘Writing R Extensions’
manual.
Flavor: r-release-macos-x86_64