CRAN Package Check Results for Package STraTUS

Last updated on 2024-07-20 03:49:16 CEST.

Flavor Version Tinstall Tcheck Ttotal Status Flags
r-devel-linux-x86_64-debian-clang 1.1.2 14.22 129.73 143.95 NOTE
r-devel-linux-x86_64-debian-gcc 1.1.2 12.07 95.81 107.88 NOTE
r-devel-linux-x86_64-fedora-clang 1.1.2 179.34 NOTE
r-devel-linux-x86_64-fedora-gcc 1.1.2 174.90 NOTE
r-devel-windows-x86_64 1.1.2 13.00 104.00 117.00 NOTE
r-patched-linux-x86_64 1.1.2 10.84 123.80 134.64 NOTE
r-release-linux-x86_64 1.1.2 12.03 123.43 135.46 NOTE
r-release-macos-arm64 1.1.2 48.00 NOTE
r-release-macos-x86_64 1.1.2 84.00 NOTE
r-release-windows-x86_64 1.1.2 14.00 102.00 116.00 NOTE
r-oldrel-macos-arm64 1.1.2 56.00 OK
r-oldrel-macos-x86_64 1.1.2 98.00 OK
r-oldrel-windows-x86_64 1.1.2 18.00 131.00 149.00 OK

Check Details

Version: 1.1.2
Check: Rd files
Result: NOTE checkRd: (-1) sample.partial.tt.Rd:41: Lost braces in \itemize; \value handles \item{}{} directly checkRd: (-1) sample.partial.tt.Rd:42: Lost braces in \itemize; \value handles \item{}{} directly checkRd: (-1) sample.partial.tt.Rd:43: Lost braces in \itemize; \value handles \item{}{} directly checkRd: (-1) sample.partial.tt.Rd:44: Lost braces in \itemize; \value handles \item{}{} directly checkRd: (-1) sample.partial.tt.Rd:45: Lost braces in \itemize; \value handles \item{}{} directly checkRd: (-1) sample.tt.Rd:32: Lost braces in \itemize; \value handles \item{}{} directly checkRd: (-1) sample.tt.Rd:33: Lost braces in \itemize; \value handles \item{}{} directly checkRd: (-1) sample.tt.Rd:34: Lost braces in \itemize; \value handles \item{}{} directly checkRd: (-1) sample.tt.Rd:35: Lost braces in \itemize; \value handles \item{}{} directly checkRd: (-1) sample.tt.Rd:36: Lost braces in \itemize; \value handles \item{}{} directly checkRd: (-1) tt.generator.Rd:38: Lost braces in \itemize; \value handles \item{}{} directly checkRd: (-1) tt.generator.Rd:39: Lost braces in \itemize; \value handles \item{}{} directly checkRd: (-1) tt.generator.Rd:40: Lost braces in \itemize; \value handles \item{}{} directly checkRd: (-1) tt.generator.Rd:41: Lost braces in \itemize; \value handles \item{}{} directly checkRd: (-1) tt.generator.Rd:42: Lost braces in \itemize; \value handles \item{}{} directly checkRd: (-1) tt.generator.Rd:43-57: Lost braces in \itemize; \value handles \item{}{} directly checkRd: (-1) tt.generator.Rd:45: Lost braces in \itemize; \value handles \item{}{} directly checkRd: (-1) tt.generator.Rd:46: Lost braces in \itemize; \value handles \item{}{} directly checkRd: (-1) tt.generator.Rd:47: Lost braces in \itemize; \value handles \item{}{} directly checkRd: (-1) tt.generator.Rd:51: Lost braces in \itemize; \value handles \item{}{} directly checkRd: (-1) tt.generator.Rd:52: Lost braces in \itemize; \value handles \item{}{} directly checkRd: (-1) tt.generator.Rd:53: Lost braces in \itemize; \value handles \item{}{} directly checkRd: (-1) tt.generator.Rd:54: Lost braces in \itemize; \value handles \item{}{} directly checkRd: (-1) tt.generator.Rd:55: Lost braces in \itemize; \value handles \item{}{} directly Flavors: r-devel-linux-x86_64-debian-clang, r-devel-linux-x86_64-debian-gcc, r-devel-linux-x86_64-fedora-clang, r-devel-linux-x86_64-fedora-gcc, r-devel-windows-x86_64, r-patched-linux-x86_64, r-release-linux-x86_64, r-release-macos-arm64, r-release-macos-x86_64, r-release-windows-x86_64