Last updated on 2022-05-26 03:53:22 CEST.
Flavor | Version | Tinstall | Tcheck | Ttotal | Status | Flags |
---|---|---|---|---|---|---|
r-devel-linux-x86_64-debian-clang | 0.5.8 | 45.64 | 429.99 | 475.63 | NOTE | |
r-devel-linux-x86_64-debian-gcc | 0.5.8 | 35.65 | 319.37 | 355.02 | NOTE | |
r-devel-linux-x86_64-fedora-clang | 0.5.8 | 590.77 | NOTE | |||
r-devel-linux-x86_64-fedora-gcc | 0.5.8 | 550.13 | NOTE | |||
r-devel-windows-x86_64 | 0.5.8 | 65.00 | 411.00 | 476.00 | NOTE | |
r-patched-linux-x86_64 | 0.5.8 | 40.57 | 391.38 | 431.95 | NOTE | |
r-release-linux-x86_64 | 0.5.8 | NOTE | ||||
r-release-macos-arm64 | 0.5.8 | 142.00 | NOTE | |||
r-release-macos-x86_64 | 0.5.8 | 242.00 | NOTE | |||
r-release-windows-x86_64 | 0.5.8 | 73.00 | 422.00 | 495.00 | NOTE | |
r-oldrel-macos-arm64 | 0.5.8 | 191.00 | NOTE | |||
r-oldrel-macos-x86_64 | 0.5.8 | 280.00 | NOTE | |||
r-oldrel-windows-ix86+x86_64 | 0.5.8 | 92.00 | 433.00 | 525.00 | NOTE |
Version: 0.5.8
Check: package dependencies
Result: NOTE
Package suggested but not available for checking: 'STRaitRazoR'
Flavors: r-devel-linux-x86_64-debian-clang, r-devel-linux-x86_64-debian-gcc, r-devel-linux-x86_64-fedora-clang, r-devel-linux-x86_64-fedora-gcc, r-devel-windows-x86_64, r-patched-linux-x86_64, r-release-linux-x86_64, r-release-macos-arm64, r-release-macos-x86_64, r-release-windows-x86_64, r-oldrel-macos-arm64, r-oldrel-macos-x86_64, r-oldrel-windows-ix86+x86_64