CRAN Package Check Results for Package SPAS

Last updated on 2022-06-29 03:52:52 CEST.

Flavor Version Tinstall Tcheck Ttotal Status Flags
r-devel-linux-x86_64-debian-clang 2020.1.1 80.98 93.36 174.34 OK
r-devel-linux-x86_64-debian-gcc 2020.1.1 70.26 71.11 141.37 OK
r-devel-linux-x86_64-fedora-clang 2020.1.1 243.28 NOTE
r-devel-linux-x86_64-fedora-gcc 2020.1.1 236.71 OK
r-devel-windows-x86_64 2020.1.1 60.00 148.00 208.00 NOTE
r-patched-linux-x86_64 2020.1.1 76.06 90.62 166.68 OK
r-release-linux-x86_64 2020.1.1 80.70 89.78 170.48 OK
r-release-macos-arm64 2020.1.1 63.00 NOTE
r-release-macos-x86_64 2020.1.1 93.00 NOTE
r-release-windows-x86_64 2020.1.1 58.00 150.00 208.00 NOTE
r-oldrel-macos-arm64 2020.1.1 81.00 NOTE
r-oldrel-macos-x86_64 2020.1.1 135.00 NOTE
r-oldrel-windows-ix86+x86_64 2020.1.1 148.00 171.00 319.00 NOTE

Check Details

Version: 2020.1.1
Check: installed package size
Result: NOTE
     installed size is 14.8Mb
     sub-directories of 1Mb or more:
     libs 14.1Mb
Flavors: r-devel-linux-x86_64-fedora-clang, r-devel-windows-x86_64, r-release-macos-arm64, r-release-macos-x86_64, r-release-windows-x86_64, r-oldrel-macos-arm64, r-oldrel-macos-x86_64, r-oldrel-windows-ix86+x86_64