CRAN Package Check Results for Package SPARRAfairness

Last updated on 2024-06-22 03:49:42 CEST.

Flavor Version Tinstall Tcheck Ttotal Status Flags
r-devel-linux-x86_64-debian-clang 0.0.0.1 11.64 88.67 100.31 NOTE
r-devel-linux-x86_64-debian-gcc 0.0.0.1 8.95 65.78 74.73 NOTE
r-devel-linux-x86_64-fedora-clang 0.0.0.1 136.52 NOTE
r-devel-linux-x86_64-fedora-gcc 0.0.0.1 171.34 NOTE
r-devel-windows-x86_64 0.0.0.1 10.00 83.00 93.00 NOTE
r-patched-linux-x86_64 0.0.0.1 11.57 84.39 95.96 NOTE
r-release-linux-x86_64 0.0.0.1 10.40 84.61 95.01 NOTE
r-release-macos-arm64 0.0.0.1 52.00 NOTE
r-release-macos-x86_64 0.0.0.1 82.00 NOTE
r-release-windows-x86_64 0.0.0.1 11.00 103.00 114.00 NOTE
r-oldrel-macos-arm64 0.0.0.1 52.00 OK
r-oldrel-macos-x86_64 0.0.0.1 105.00 OK
r-oldrel-windows-x86_64 0.0.0.1 12.00 101.00 113.00 OK

Check Details

Version: 0.0.0.1
Check: Rd files
Result: NOTE checkRd: (-1) counterfactual_yhat.Rd:47: Lost braces; missing escapes or markup? 47 | We want the counterfactual Yhat_{g' <- G} |X=x,G=g (or alternatively | ^ checkRd: (-1) counterfactual_yhat.Rd:48: Lost braces; missing escapes or markup? 48 | Yhat_{g' <- G} |G=g). | ^ checkRd: (-1) counterfactual_yhat.Rd:58: Lost braces; missing escapes or markup? 58 | To estimate Y'=Yhat_{g' <- G} | G=g, we need to | ^ checkRd: (-1) counterfactual_yhat.Rd:65: Lost braces; missing escapes or markup? 65 | To estimate Y'=Yhat_{g' <- G} |X=x, G=g, we need to | ^ checkRd: (-1) counterfactual_yhat.Rd:27: Lost braces; missing escapes or markup? 27 | indices representing sample(s) from counterfactual Yhat_{g' <- G} |X=x,G=g | ^ Flavors: r-devel-linux-x86_64-debian-clang, r-devel-linux-x86_64-debian-gcc, r-devel-linux-x86_64-fedora-clang, r-devel-linux-x86_64-fedora-gcc, r-devel-windows-x86_64, r-patched-linux-x86_64, r-release-linux-x86_64, r-release-macos-arm64, r-release-macos-x86_64, r-release-windows-x86_64