Last updated on 2022-05-19 04:51:15 CEST.
Flavor | Version | Tinstall | Tcheck | Ttotal | Status | Flags |
---|---|---|---|---|---|---|
r-devel-linux-x86_64-debian-clang | 0.0.4 | 57.42 | 292.03 | 349.45 | OK | |
r-devel-linux-x86_64-debian-gcc | 0.0.4 | 43.65 | 210.79 | 254.44 | OK | |
r-devel-linux-x86_64-fedora-clang | 0.0.4 | 413.09 | NOTE | |||
r-devel-linux-x86_64-fedora-gcc | 0.0.4 | 419.82 | NOTE | |||
r-devel-windows-x86_64 | 0.0.4 | 68.00 | 275.00 | 343.00 | NOTE | |
r-patched-linux-x86_64 | 0.0.4 | 49.34 | 276.61 | 325.95 | OK | |
r-release-linux-x86_64 | 0.0.4 | 48.57 | 275.22 | 323.79 | OK | |
r-release-macos-arm64 | 0.0.4 | 156.00 | NOTE | |||
r-release-macos-x86_64 | 0.0.4 | 196.00 | NOTE | |||
r-release-windows-x86_64 | 0.0.4 | 66.00 | 292.00 | 358.00 | NOTE | |
r-oldrel-macos-arm64 | 0.0.4 | 156.00 | NOTE | |||
r-oldrel-macos-x86_64 | 0.0.4 | 191.00 | NOTE | |||
r-oldrel-windows-ix86+x86_64 | 0.0.4 | 89.00 | 299.00 | 388.00 | NOTE |
Version: 0.0.4
Check: installed package size
Result: NOTE
installed size is 5.5Mb
sub-directories of 1Mb or more:
data 5.1Mb
Flavors: r-devel-linux-x86_64-fedora-clang, r-devel-windows-x86_64, r-release-macos-arm64, r-release-macos-x86_64, r-release-windows-x86_64, r-oldrel-macos-arm64, r-oldrel-macos-x86_64, r-oldrel-windows-ix86+x86_64
Version: 0.0.4
Check: data for non-ASCII characters
Result: NOTE
Note: found 23 marked UTF-8 strings
Flavors: r-devel-linux-x86_64-fedora-clang, r-devel-linux-x86_64-fedora-gcc, r-release-macos-arm64, r-release-macos-x86_64, r-oldrel-macos-arm64, r-oldrel-macos-x86_64