Last updated on 2022-05-18 15:49:14 CEST.
Flavor | Version | Tinstall | Tcheck | Ttotal | Status | Flags |
---|---|---|---|---|---|---|
r-devel-linux-x86_64-debian-clang | 1.1.1 | 0.46 | 11.55 | 12.01 | ERROR | |
r-devel-linux-x86_64-debian-gcc | 1.1.1 | 39.42 | 281.91 | 321.33 | OK | |
r-devel-linux-x86_64-fedora-clang | 1.1.1 | 526.72 | OK | |||
r-devel-linux-x86_64-fedora-gcc | 1.1.1 | 536.99 | OK | |||
r-devel-windows-x86_64 | 1.1.1 | 85.00 | 385.00 | 470.00 | OK | |
r-patched-linux-x86_64 | 1.1.1 | 43.79 | 356.68 | 400.47 | OK | |
r-release-linux-x86_64 | 1.1.1 | 30.43 | 352.28 | 382.71 | OK | |
r-release-macos-arm64 | 1.1.1 | 145.00 | OK | |||
r-release-macos-x86_64 | 1.1.1 | 225.00 | OK | |||
r-release-windows-x86_64 | 1.1.1 | 98.00 | 397.00 | 495.00 | OK | |
r-oldrel-macos-arm64 | 1.1.1 | 111.00 | OK | |||
r-oldrel-macos-x86_64 | 1.1.1 | 167.00 | OK | |||
r-oldrel-windows-ix86+x86_64 | 1.1.1 | 95.00 | 393.00 | 488.00 | OK |
Version: 1.1.1
Check: package dependencies
Result: ERROR
Package required but not available: 'cate'
See section 'The DESCRIPTION file' in the 'Writing R Extensions'
manual.
Flavor: r-devel-linux-x86_64-debian-clang