CRAN Package Check Results for Package SE.EQ

Last updated on 2022-05-28 15:51:08 CEST.

Flavor Version Tinstall Tcheck Ttotal Status Flags
r-devel-linux-x86_64-debian-clang 1.0 2.19 40.01 42.20 OK
r-devel-linux-x86_64-debian-gcc 1.0 1.79 30.41 32.20 OK
r-devel-linux-x86_64-fedora-clang 1.0 49.68 NOTE
r-devel-linux-x86_64-fedora-gcc 1.0 48.68 OK
r-devel-windows-x86_64 1.0 7.00 54.00 61.00 OK
r-patched-linux-x86_64 1.0 1.93 37.55 39.48 OK
r-release-linux-x86_64 1.0 1.90 37.57 39.47 OK
r-release-macos-arm64 1.0 18.00 OK
r-release-macos-x86_64 1.0 23.00 OK
r-release-windows-x86_64 1.0 8.00 53.00 61.00 OK
r-oldrel-macos-arm64 1.0 22.00 OK
r-oldrel-macos-x86_64 1.0 29.00 OK
r-oldrel-windows-ix86+x86_64 1.0 6.00 50.00 56.00 OK

Check Details

Version: 1.0
Check: Rd cross-references
Result: NOTE
    Undeclared packages ‘EDNE.EQ’, ‘T2EQ’ in Rd xrefs
Flavor: r-devel-linux-x86_64-fedora-clang