CRAN Package Check Results for Package SCORNET

Last updated on 2022-06-26 03:50:12 CEST.

Flavor Version Tinstall Tcheck Ttotal Status Flags
r-devel-linux-x86_64-debian-clang 0.1.1 29.98 47.67 77.65 NOTE
r-devel-linux-x86_64-debian-gcc 0.1.1 20.06 36.71 56.77 NOTE
r-devel-linux-x86_64-fedora-clang 0.1.1 112.67 NOTE
r-devel-linux-x86_64-fedora-gcc 0.1.1 105.61 NOTE
r-devel-windows-x86_64 0.1.1 29.00 108.00 137.00 NOTE
r-patched-linux-x86_64 0.1.1 27.81 47.30 75.11 NOTE
r-release-linux-x86_64 0.1.1 22.28 46.79 69.07 NOTE
r-release-macos-arm64 0.1.1 30.00 NOTE
r-release-macos-x86_64 0.1.1 42.00 NOTE
r-release-windows-x86_64 0.1.1 31.00 108.00 139.00 NOTE
r-oldrel-macos-arm64 0.1.1 39.00 NOTE
r-oldrel-macos-x86_64 0.1.1 57.00 NOTE
r-oldrel-windows-ix86+x86_64 0.1.1 73.00 112.00 185.00 NOTE

Check Details

Version: 0.1.1
Check: LazyData
Result: NOTE
     'LazyData' is specified without a 'data' directory
Flavors: r-devel-linux-x86_64-debian-clang, r-devel-linux-x86_64-debian-gcc, r-devel-linux-x86_64-fedora-clang, r-devel-linux-x86_64-fedora-gcc, r-devel-windows-x86_64, r-patched-linux-x86_64, r-release-linux-x86_64, r-release-macos-arm64, r-release-macos-x86_64, r-release-windows-x86_64, r-oldrel-macos-arm64, r-oldrel-macos-x86_64, r-oldrel-windows-ix86+x86_64

Version: 0.1.1
Check: dependencies in R code
Result: NOTE
    Namespaces in Imports field not imported from:
     ‘Matrix’ ‘pracma’
     All declared Imports should be used.
Flavors: r-devel-linux-x86_64-fedora-clang, r-devel-linux-x86_64-fedora-gcc, r-release-macos-arm64, r-release-macos-x86_64, r-oldrel-macos-arm64, r-oldrel-macos-x86_64