CRAN Package Check Results for Package SAR

Last updated on 2022-05-18 15:49:14 CEST.

Flavor Version Tinstall Tcheck Ttotal Status Flags
r-devel-linux-x86_64-debian-clang 1.0.3 76.67 113.90 190.57 NOTE
r-devel-linux-x86_64-debian-gcc 1.0.3 64.02 83.83 147.85 NOTE
r-devel-linux-x86_64-fedora-clang 1.0.3 250.45 NOTE
r-devel-linux-x86_64-fedora-gcc 1.0.3 242.89 NOTE
r-devel-windows-x86_64 1.0.3 82.00 151.00 233.00 NOTE
r-patched-linux-x86_64 1.0.3 71.00 106.79 177.79 NOTE
r-release-linux-x86_64 1.0.3 50.36 108.00 158.36 NOTE
r-release-macos-arm64 1.0.3 61.00 NOTE
r-release-macos-x86_64 1.0.3 104.00 NOTE
r-release-windows-x86_64 1.0.3 81.00 152.00 233.00 NOTE
r-oldrel-macos-arm64 1.0.3 71.00 NOTE
r-oldrel-macos-x86_64 1.0.3 118.00 NOTE
r-oldrel-windows-ix86+x86_64 1.0.3 185.00 202.00 387.00 NOTE

Check Details

Version: 1.0.3
Check: for GNU extensions in Makefiles
Result: NOTE
    GNU make is a SystemRequirements.
Flavors: r-devel-linux-x86_64-debian-clang, r-devel-linux-x86_64-debian-gcc, r-devel-linux-x86_64-fedora-clang, r-devel-linux-x86_64-fedora-gcc, r-devel-windows-x86_64, r-patched-linux-x86_64, r-release-linux-x86_64, r-release-macos-arm64, r-release-macos-x86_64, r-release-windows-x86_64, r-oldrel-macos-arm64, r-oldrel-macos-x86_64, r-oldrel-windows-ix86+x86_64

Version: 1.0.3
Check: dependencies in R code
Result: NOTE
    Namespaces in Imports field not imported from:
     ‘httr’ ‘jsonlite’
     All declared Imports should be used.
Flavors: r-devel-linux-x86_64-fedora-clang, r-devel-linux-x86_64-fedora-gcc, r-release-macos-arm64, r-release-macos-x86_64, r-oldrel-macos-arm64, r-oldrel-macos-x86_64