Last updated on 2022-06-29 15:50:04 CEST.
Flavor | Version | Tinstall | Tcheck | Ttotal | Status | Flags |
---|---|---|---|---|---|---|
r-devel-linux-x86_64-debian-clang | 1.1.1 | 105.53 | 30.40 | 135.93 | OK | |
r-devel-linux-x86_64-debian-gcc | 1.1.1 | 97.75 | 23.44 | 121.19 | OK | |
r-devel-linux-x86_64-fedora-clang | 1.1.1 | 228.94 | NOTE | |||
r-devel-linux-x86_64-fedora-gcc | 1.1.1 | 209.07 | OK | |||
r-devel-windows-x86_64 | 1.1.1 | 80.00 | 78.00 | 158.00 | OK | |
r-patched-linux-x86_64 | 1.1.1 | 98.95 | 28.92 | 127.87 | OK | |
r-release-linux-x86_64 | 1.1.1 | 98.45 | 29.46 | 127.91 | OK | |
r-release-macos-arm64 | 1.1.1 | 55.00 | NOTE | |||
r-release-macos-x86_64 | 1.1.1 | 64.00 | NOTE | |||
r-release-windows-x86_64 | 1.1.1 | 77.00 | 81.00 | 158.00 | OK | |
r-oldrel-macos-arm64 | 1.1.1 | 63.00 | NOTE | |||
r-oldrel-macos-x86_64 | 1.1.1 | 102.00 | NOTE | |||
r-oldrel-windows-ix86+x86_64 | 1.1.1 | 235.00 | 86.00 | 321.00 | OK |
Version: 1.1.1
Check: installed package size
Result: NOTE
installed size is 10.9Mb
sub-directories of 1Mb or more:
libs 10.8Mb
Flavors: r-devel-linux-x86_64-fedora-clang, r-release-macos-arm64, r-release-macos-x86_64, r-oldrel-macos-arm64, r-oldrel-macos-x86_64