Last updated on 2022-06-29 15:50:04 CEST.
Flavor | Version | Tinstall | Tcheck | Ttotal | Status | Flags |
---|---|---|---|---|---|---|
r-devel-linux-x86_64-debian-clang | 1.1.3.1 | 106.69 | 98.40 | 205.09 | OK | |
r-devel-linux-x86_64-debian-gcc | 1.1.3.1 | 90.74 | 72.55 | 163.29 | OK | |
r-devel-linux-x86_64-fedora-clang | 1.1.3.1 | 331.89 | NOTE | |||
r-devel-linux-x86_64-fedora-gcc | 1.1.3.1 | 291.65 | OK | |||
r-devel-windows-x86_64 | 1.1.3.1 | 189.00 | 193.00 | 382.00 | NOTE | |
r-patched-linux-x86_64 | 1.1.3.1 | 98.87 | 92.76 | 191.63 | OK | |
r-release-linux-x86_64 | 1.1.3.1 | 97.03 | 95.90 | 192.93 | OK | |
r-release-macos-arm64 | 1.1.3.1 | 73.00 | NOTE | |||
r-release-macos-x86_64 | 1.1.3.1 | 104.00 | NOTE | |||
r-release-windows-x86_64 | 1.1.3.1 | 269.00 | 185.00 | 454.00 | NOTE | |
r-oldrel-macos-arm64 | 1.1.3.1 | 93.00 | NOTE | |||
r-oldrel-macos-x86_64 | 1.1.3.1 | 152.00 | NOTE | |||
r-oldrel-windows-ix86+x86_64 | 1.1.3.1 | 278.00 | 207.00 | 485.00 | NOTE |
Version: 1.1.3.1
Check: installed package size
Result: NOTE
installed size is 7.9Mb
sub-directories of 1Mb or more:
libs 5.7Mb
yacas 1.6Mb
Flavors: r-devel-linux-x86_64-fedora-clang, r-release-macos-arm64, r-release-macos-x86_64, r-oldrel-macos-arm64, r-oldrel-macos-x86_64
Version: 1.1.3.1
Check: package dependencies
Result: NOTE
Package suggested but not available for checking: 'unix'
Flavors: r-devel-windows-x86_64, r-release-windows-x86_64, r-oldrel-windows-ix86+x86_64