Last updated on 2022-05-28 03:54:55 CEST.
Flavor | Version | Tinstall | Tcheck | Ttotal | Status | Flags |
---|---|---|---|---|---|---|
r-devel-linux-x86_64-debian-clang | 0.2.7 | 6.24 | 59.03 | 65.27 | OK | |
r-devel-linux-x86_64-debian-gcc | 0.2.7 | 4.59 | 44.55 | 49.14 | OK | |
r-devel-linux-x86_64-fedora-clang | 0.2.7 | 80.15 | NOTE | |||
r-devel-linux-x86_64-fedora-gcc | 0.2.7 | 75.87 | NOTE | |||
r-devel-windows-x86_64 | 0.2.7 | 25.00 | 76.00 | 101.00 | OK | |
r-patched-linux-x86_64 | 0.2.7 | 5.75 | 55.92 | 61.67 | OK | |
r-release-linux-x86_64 | 0.2.7 | 4.14 | 56.02 | 60.16 | OK | |
r-release-macos-arm64 | 0.2.7 | 22.00 | NOTE | |||
r-release-macos-x86_64 | 0.2.7 | 43.00 | NOTE | |||
r-release-windows-x86_64 | 0.2.7 | 36.00 | 75.00 | 111.00 | OK | |
r-oldrel-macos-arm64 | 0.2.7 | 24.00 | NOTE | |||
r-oldrel-macos-x86_64 | 0.2.7 | 30.00 | NOTE | |||
r-oldrel-windows-ix86+x86_64 | 0.2.7 | 16.00 | 71.00 | 87.00 | OK |
Version: 0.2.7
Check: dependencies in R code
Result: NOTE
Namespaces in Imports field not imported from:
‘httr’ ‘logger’
All declared Imports should be used.
Flavors: r-devel-linux-x86_64-fedora-clang, r-devel-linux-x86_64-fedora-gcc, r-release-macos-arm64, r-release-macos-x86_64, r-oldrel-macos-arm64, r-oldrel-macos-x86_64