CRAN Package Check Results for Package Rprofet

Last updated on 2022-05-20 15:52:17 CEST.

Flavor Version Tinstall Tcheck Ttotal Status Flags
r-devel-linux-x86_64-debian-clang 2.2.1 7.59 101.72 109.31 NOTE
r-devel-linux-x86_64-debian-gcc 2.2.1 5.80 74.35 80.15 NOTE
r-devel-linux-x86_64-fedora-clang 2.2.1 130.24 NOTE
r-devel-linux-x86_64-fedora-gcc 2.2.1 130.44 NOTE
r-devel-windows-x86_64 2.2.1 13.00 109.00 122.00 NOTE
r-patched-linux-x86_64 2.2.1 7.18 95.49 102.67 NOTE
r-release-linux-x86_64 2.2.1 8.02 95.70 103.72 NOTE
r-release-macos-arm64 2.2.1 34.00 NOTE
r-release-macos-x86_64 2.2.1 67.00 NOTE
r-release-windows-x86_64 2.2.1 17.00 116.00 133.00 NOTE
r-oldrel-macos-arm64 2.2.1 53.00 NOTE
r-oldrel-macos-x86_64 2.2.1 56.00 NOTE
r-oldrel-windows-ix86+x86_64 2.2.1 20.00 114.00 134.00 NOTE

Check Details

Version: 2.2.1
Check: LazyData
Result: NOTE
     'LazyData' is specified without a 'data' directory
Flavors: r-devel-linux-x86_64-debian-clang, r-devel-linux-x86_64-debian-gcc, r-devel-linux-x86_64-fedora-clang, r-devel-linux-x86_64-fedora-gcc, r-devel-windows-x86_64, r-patched-linux-x86_64, r-release-linux-x86_64, r-release-macos-arm64, r-release-macos-x86_64, r-release-windows-x86_64, r-oldrel-macos-arm64, r-oldrel-macos-x86_64, r-oldrel-windows-ix86+x86_64