CRAN Package Check Results for Package RprobitB

Last updated on 2022-06-26 03:50:11 CEST.

Flavor Version Tinstall Tcheck Ttotal Status Flags
r-devel-linux-x86_64-debian-clang 1.0.0 56.15 271.81 327.96 OK
r-devel-linux-x86_64-debian-gcc 1.0.0 40.57 188.54 229.11 OK
r-devel-linux-x86_64-fedora-clang 1.0.0 402.90 OK
r-devel-linux-x86_64-fedora-gcc 1.0.0 394.62 OK
r-devel-windows-x86_64 1.0.0 102.00 309.00 411.00 OK
r-patched-linux-x86_64 1.0.0 44.05 258.55 302.60 OK
r-release-linux-x86_64 1.0.0 33.27 255.30 288.57 OK
r-release-macos-arm64 1.0.0 87.00 NOTE
r-release-macos-x86_64 1.0.0 152.00 OK
r-release-windows-x86_64 1.0.0 105.00 316.00 421.00 OK
r-oldrel-macos-arm64 1.0.0 87.00 NOTE
r-oldrel-macos-x86_64 1.0.0 118.00 NOTE
r-oldrel-windows-ix86+x86_64 1.0.0 125.00 540.00 665.00 OK

Check Details

Version: 1.0.0
Check: installed package size
Result: NOTE
     installed size is 5.0Mb
     sub-directories of 1Mb or more:
     libs 4.4Mb
Flavors: r-release-macos-arm64, r-oldrel-macos-arm64, r-oldrel-macos-x86_64