CRAN Package Check Results for Package Rpolyhedra

Last updated on 2022-08-15 03:52:58 CEST.

Flavor Version Tinstall Tcheck Ttotal Status Flags
r-devel-linux-x86_64-debian-clang 0.5.3 19.56 104.01 123.57 NOTE
r-devel-linux-x86_64-debian-gcc 0.5.3 13.55 80.49 94.04 NOTE
r-devel-linux-x86_64-fedora-clang 0.5.3 149.98 OK
r-devel-linux-x86_64-fedora-gcc 0.5.3 171.07 NOTE
r-devel-windows-x86_64 0.5.3 319.00 162.00 481.00 OK
r-patched-linux-x86_64 0.5.3 19.33 98.25 117.58 OK
r-release-linux-x86_64 0.5.3 17.33 99.80 117.13 OK
r-release-macos-arm64 0.5.3 50.00 OK
r-release-macos-x86_64 0.5.3 68.00 OK
r-release-windows-x86_64 0.5.3 270.00 170.00 440.00 OK
r-oldrel-macos-arm64 0.5.3 47.00 OK
r-oldrel-macos-x86_64 0.5.3 65.00 OK
r-oldrel-windows-ix86+x86_64 0.5.3 34.00 121.00 155.00 OK

Check Details

Version: 0.5.3
Check: HTML version of manual
Result: NOTE
    Found the following HTML validation problems:
    PolyhedronStateDefined.html:158:5: Warning: missing </span> before </li>
    PolyhedronStateDefined.html:163:1: Warning: inserting implicit <span>
    PolyhedronStateDefined.html:163:1: Warning: missing </span> before <h4>
    PolyhedronStateDefined.html:167:5: Warning: inserting implicit <span>
    PolyhedronStateDefined.html:169:4: Warning: inserting implicit <span>
    PolyhedronStateDefined.html:173:1: Warning: inserting implicit <span>
    PolyhedronStateDefined.html:173:1: Warning: missing </span> before <h5>
    PolyhedronStateDefined.html:173:5: Warning: inserting implicit <span>
    PolyhedronStateDefined.html:175:16: Warning: inserting implicit <span>
    PolyhedronStateDefined.html:175:16: Warning: missing </span> before <pre>
    PolyhedronStateDefined.html:193:5: Warning: inserting implicit <span>
    PolyhedronStateDefined.html:196:1: Warning: inserting implicit <span>
    PolyhedronStateDefined.html:196:1: Warning: missing </span> before <dl>
    PolyhedronStateDefined.html:198:5: Warning: inserting implicit <span>
    PolyhedronStateDefined.html:198:33: Warning: inserting implicit <span>
    PolyhedronStateDefined.html:198:33: Warning: missing </span> before <p>
    PolyhedronStateDefined.html:198:36: Warning: inserting implicit <span>
    PolyhedronStateDefined.html:200:5: Warning: inserting implicit <span>
    PolyhedronStateDefined.html:200:34: Warning: inserting implicit <span>
    PolyhedronStateDefined.html:200:34: Warning: missing </span> before <p>
    PolyhedronStateDefined.html:200:37: Warning: inserting implicit <span>
    PolyhedronStateDefined.html:202:5: Warning: inserting implicit <span>
    PolyhedronStateDefined.html:202:31: Warning: inserting implicit <span>
    PolyhedronStateDefined.html:202:31: Warning: missing </span> before <p>
    PolyhedronStateDefined.html:202:34: Warning: inserting implicit <span>
    PolyhedronStateDefined.html:204:5: Warning: inserting implicit <span>
    PolyhedronStateDefined.html:204:35: Warning: inserting implicit <span>
    PolyhedronStateDefined.html:204:35: Warning: missing </span> before <p>
    PolyhedronStateDefined.html:204:38: Warning: inserting implicit <span>
    PolyhedronStateDefined.html:206:5: Warning: inserting implicit <span>
    PolyhedronStateDefined.html:206:32: Warning: inserting implicit <span>
    PolyhedronStateDefined.html:206:32: Warning: missing </span> before <p>
    PolyhedronStateDefined.html:206:35: Warning: inserting implicit <span>
    PolyhedronStateDefined.html:208:5: Warning: inserting implicit <span>
    PolyhedronStateDefined.html:208:30: Warning: inserting implicit <span>
    PolyhedronStateDefined.html:208:30: Warning: missing </span> before <p>
    PolyhedronStateDefined.html:208:33: Warning: inserting implicit <span>
    PolyhedronStateDefined.html:210:5: Warning: inserting implicit <span>
    PolyhedronStateDefined.html:210:33: Warning: inserting implicit <span>
    PolyhedronStateDefined.html:210:33: Warning: missing </span> before <p>
    PolyhedronStateDefined.html:210:36: Warning: inserting implicit <span>
    PolyhedronStateDefined.html:212:5: Warning: inserting implicit <span>
    PolyhedronStateDefined.html:212:31: Warning: inserting implicit <span>
    PolyhedronStateDefined.html:212:31: Warning: missing </span> before <p>
    PolyhedronStateDefined.html:212:34: Warning: inserting implicit <span>
    PolyhedronStateDefined.html:214:5: Warning: inserting implicit <span>
    PolyhedronStateDefined.html:214:33: Warning: inserting implicit <span>
    PolyhedronStateDefined.html:214:33: Warning: missing </span> before <p>
    PolyhedronStateDefined.html:214:36: Warning: inserting implicit <span>
    PolyhedronStateDefined.html:216:5: Warning: inserting implicit <span>
    PolyhedronStateDefined.html:216:36: Warning: inserting implicit <span>
    PolyhedronStateDefined.html:216:36: Warning: missing </span> before <p>
    PolyhedronStateDefined.html:216:39: Warning: inserting implicit <span>
    PolyhedronStateDefined.html:218:5: Warning: inserting implicit <span>
    PolyhedronStateDefined.html:218:33: Warning: inserting implicit <span>
    PolyhedronStateDefined.html:218:33: Warning: missing </span> before <p>
    PolyhedronStateDefined.html:218:36: Warning: inserting implicit <span>
    PolyhedronStateDefined.html:220:5: Warning: inserting implicit <span>
    PolyhedronStateDefined.html:220:30: Warning: inserting implicit <span>
    PolyhedronStateDefined.html:220:30: Warning: missing </span> before <p>
    PolyhedronStateDefined.html:220:33: Warning: inserting implicit <span>
    PolyhedronStateDefined.html:222:5: Warning: inserting implicit <span>
    PolyhedronStateDefined.html:222:41: Warning: inserting implicit <span>
    PolyhedronStateDefined.html:222:41: Warning: missing </span> before <p>
    PolyhedronStateDefined.html:222:44: Warning: inserting implicit <span>
    PolyhedronStateDefined.html:230:5: Warning: inserting implicit <span>
    PolyhedronStateDefined.html:232:4: Warning: inserting implicit <span>
    PolyhedronStateDefined.html:236:1: Warning: inserting implicit <span>
    PolyhedronStateDefined.html:236:1: Warning: missing </span> before <hr>
    PolyhedronStateDefined.html:237:1: Warning: inserting implicit <span>
    PolyhedronStateDefined.html:237:1: Warning: missing </span> before <h4>
    PolyhedronStateDefined.html:241:5: Warning: inserting implicit <span>
    PolyhedronStateDefined.html:243:4: Warning: inserting implicit <span>
    PolyhedronStateDefined.html:248:1: Warning: inserting implicit <span>
    PolyhedronStateDefined.html:248:1: Warning: missing </span> before <h5>
    PolyhedronStateDefined.html:248:5: Warning: inserting implicit <span>
    PolyhedronStateDefined.html:250:16: Warning: inserting implicit <span>
    PolyhedronStateDefined.html:250:16: Warning: missing </span> before <pre>
    PolyhedronStateDefined.html:254:5: Warning: inserting implicit <span>
    PolyhedronStateDefined.html:256:4: Warning: inserting implicit <span>
    PolyhedronStateDefined.html:260:1: Warning: inserting implicit <span>
    PolyhedronStateDefined.html:260:1: Warning: missing </span> before <hr>
    PolyhedronStateDefined.html:261:1: Warning: inserting implicit <span>
    PolyhedronStateDefined.html:261:1: Warning: missing </span> before <h4>
    PolyhedronStateDefined.html:265:5: Warning: inserting implicit <span>
    PolyhedronStateDefined.html:267:4: Warning: inserting implicit <span>
    PolyhedronStateDefined.html:271:1: Warning: inserting implicit <span>
    PolyhedronStateDefined.html:271:1: Warning: missing </span> before <h5>
    PolyhedronStateDefined.html:271:5: Warning: inserting implicit <span>
    PolyhedronStateDefined.html:273:16: Warning: inserting implicit <span>
    PolyhedronStateDefined.html:273:16: Warning: missing </span> before <pre>
    PolyhedronStateDefined.html:277:5: Warning: inserting implicit <span>
    PolyhedronStateDefined.html:279:4: Warning: inserting implicit <span>
    PolyhedronStateDefined.html:283:1: Warning: inserting implicit <span>
    PolyhedronStateDefined.html:283:1: Warning: missing </span> before <hr>
    PolyhedronStateDefined.html:284:1: Warning: inserting implicit <span>
    PolyhedronStateDefined.html:284:1: Warning: missing </span> before <h4>
    PolyhedronStateDefined.html:288:5: Warning: inserting implicit <span>
    PolyhedronStateDefined.html:290:4: Warning: inserting implicit <span>
    PolyhedronStateDefined.html:294:1: Warning: inserting implicit <span>
    PolyhedronStateDefined.html:294:1: Warning: missing </span> before <h5>
    PolyhedronStateDefined.html:294:5: Warning: inserting implicit <span>
    PolyhedronStateDefined.html:296:16: Warning: inserting implicit <span>
    PolyhedronStateDefined.html:296:16: Warning: missing </span> before <pre>
    PolyhedronStateDefined.html:300:5: Warning: inserting implicit <span>
    PolyhedronStateDefined.html:302:4: Warning: inserting implicit <span>
    PolyhedronStateDefined.html:306:1: Warning: inserting implicit <span>
    PolyhedronStateDefined.html:306:1: Warning: missing </span> before <hr>
    PolyhedronStateDefined.html:307:1: Warning: inserting implicit <span>
    PolyhedronStateDefined.html:307:1: Warning: missing </span> before <h4>
    PolyhedronStateDefined.html:311:5: Warning: inserting implicit <span>
    PolyhedronStateDefined.html:313:4: Warning: inserting implicit <span>
    PolyhedronStateDefined.html:317:1: Warning: inserting implicit <span>
    PolyhedronStateDefined.html:317:1: Warning: missing </span> before <h5>
    PolyhedronStateDefined.html:317:5: Warning: inserting implicit <span>
    PolyhedronStateDefined.html:319:16: Warning: inserting implicit <span>
    PolyhedronStateDefined.html:319:16: Warning: missing </span> before <pre>
    PolyhedronStateDefined.html:323:5: Warning: inserting implicit <span>
    PolyhedronStateDefined.html:326:1: Warning: inserting implicit <span>
    PolyhedronStateDefined.html:326:1: Warning: missing </span> before <dl>
    PolyhedronStateDefined.html:328:5: Warning: inserting implicit <span>
    PolyhedronStateDefined.html:328:41: Warning: inserting implicit <span>
    PolyhedronStateDefined.html:328:41: Warning: missing </span> before <p>
    PolyhedronStateDefined.html:328:44: Warning: inserting implicit <span>
    PolyhedronStateDefined.html:336:5: Warning: inserting implicit <span>
    PolyhedronStateDefined.html:338:4: Warning: inserting implicit <span>
    PolyhedronStateDefined.html:342:1: Warning: inserting implicit <span>
    PolyhedronStateDefined.html:342:1: Warning: missing </span> before <hr>
    PolyhedronStateDefined.html:343:1: Warning: inserting implicit <span>
    PolyhedronStateDefined.html:343:1: Warning: missing </span> before <h4>
    PolyhedronStateDefined.html:347:5: Warning: inserting implicit <span>
    PolyhedronStateDefined.html:349:4: Warning: inserting implicit <span>
    PolyhedronStateDefined.html:353:1: Warning: inserting implicit <span>
    PolyhedronStateDefined.html:353:1: Warning: missing </span> before <h5>
    PolyhedronStateDefined.html:353:5: Warning: inserting implicit <span>
    PolyhedronStateDefined.html:355:16: Warning: inserting implicit <span>
    PolyhedronStateDefined.html:355:16: Warning: missing </span> before <pre>
    PolyhedronStateDefined.html:359:5: Warning: inserting implicit <span>
    PolyhedronStateDefined.html:362:1: Warning: inserting implicit <span>
    PolyhedronStateDefined.html:362:1: Warning: missing </span> before <dl>
    PolyhedronStateDefined.html:364:5: Warning: inserting implicit <span>
    PolyhedronStateDefined.html:364:32: Warning: inserting implicit <span>
    PolyhedronStateDefined.html:364:32: Warning: missing </span> before <p>
    PolyhedronStateDefined.html:364:35: Warning: inserting implicit <span>
    PolyhedronStateDefined.html:372:1: Warning: inserting implicit <span>
    PolyhedronStateDefined.html:372:1: Warning: missing </span> before <h4>
    PolyhedronStateDefined.html:376:5: Warning: inserting implicit <span>
    PolyhedronStateDefined.html:378:4: Warning: inserting implicit <span>
    PolyhedronStateDefined.html:382:1: Warning: inserting implicit <span>
    PolyhedronStateDefined.html:382:1: Warning: missing </span> before <h5>
    PolyhedronStateDefined.html:382:5: Warning: inserting implicit <span>
    PolyhedronStateDefined.html:384:16: Warning: inserting implicit <span>
    PolyhedronStateDefined.html:384:16: Warning: missing </span> before <pre>
    PolyhedronStateDefined.html:388:1: Warning: inserting implicit <span>
    PolyhedronStateDefined.html:388:1: Warning: missing </span> before <h4>
    PolyhedronStateDefined.html:392:5: Warning: inserting implicit <span>
    PolyhedronStateDefined.html:394:4: Warning: inserting implicit <span>
    PolyhedronStateDefined.html:398:1: Warning: inserting implicit <span>
    PolyhedronStateDefined.html:398:1: Warning: missing </span> before <h5>
    PolyhedronStateDefined.html:398:5: Warning: inserting implicit <span>
    PolyhedronStateDefined.html:400:16: Warning: inserting implicit <span>
    PolyhedronStateDefined.html:400:16: Warning: missing </span> before <pre>
    PolyhedronStateDefined.html:404:1: Warning: inserting implicit <span>
    PolyhedronStateDefined.html:404:1: Warning: missing </span> before <h4>
    PolyhedronStateDefined.html:408:5: Warning: inserting implicit <span>
    PolyhedronStateDefined.html:410:4: Warning: inserting implicit <span>
    PolyhedronStateDefined.html:414:1: Warning: inserting implicit <span>
    PolyhedronStateDefined.html:414:1: Warning: missing </span> before <h5>
    PolyhedronStateDefined.html:414:5: Warning: inserting implicit <span>
    PolyhedronStateDefined.html:416:16: Warning: inserting implicit <span>
    PolyhedronStateDefined.html:416:16: Warning: missing </span> before <pre>
    PolyhedronStateDefined.html:420:5: Warning: inserting implicit <span>
    PolyhedronStateDefined.html:423:1: Warning: inserting implicit <span>
    PolyhedronStateDefined.html:423:1: Warning: missing </span> before <dl>
    PolyhedronStateDefined.html:425:5: Warning: inserting implicit <span>
    PolyhedronStateDefined.html:425:46: Warning: inserting implicit <span>
    PolyhedronStateDefined.html:425:46: Warning: missing </span> before <p>
    PolyhedronStateDefined.html:425:49: Warning: inserting implicit <span>
    PolyhedronStateDefined.html:433:1: Warning: inserting implicit <span>
    PolyhedronStateDefined.html:433:1: Warning: missing </span> before <h4>
    PolyhedronStateDefined.html:437:5: Warning: inserting implicit <span>
    PolyhedronStateDefined.html:439:4: Warning: inserting implicit <span>
    PolyhedronStateDefined.html:443:1: Warning: inserting implicit <span>
    PolyhedronStateDefined.html:443:1: Warning: missing </span> before <h5>
    PolyhedronStateDefined.html:443:5: Warning: inserting implicit <span>
    PolyhedronStateDefined.html:445:16: Warning: inserting implicit <span>
    PolyhedronStateDefined.html:445:16: Warning: missing </span> before <pre>
    PolyhedronStateDefined.html:449:1: Warning: inserting implicit <span>
    PolyhedronStateDefined.html:449:1: Warning: missing </span> before <h4>
    PolyhedronStateDefined.html:453:5: Warning: inserting implicit <span>
    PolyhedronStateDefined.html:455:4: Warning: inserting implicit <span>
    PolyhedronStateDefined.html:459:1: Warning: inserting implicit <span>
    PolyhedronStateDefined.html:459:1: Warning: missing </span> before <h5>
    PolyhedronStateDefined.html:459:5: Warning: inserting implicit <span>
    PolyhedronStateDefined.html:461:16: Warning: inserting implicit <span>
    PolyhedronStateDefined.html:461:16: Warning: missing </span> before <pre>
    PolyhedronStateDefined.html:465:5: Warning: inserting implicit <span>
    PolyhedronStateDefined.html:468:1: Warning: inserting implicit <span>
    PolyhedronStateDefined.html:468:1: Warning: missing </span> before <dl>
    PolyhedronStateDefined.html:470:5: Warning: inserting implicit <span>
    PolyhedronStateDefined.html:470:32: Warning: inserting implicit <span>
    PolyhedronStateDefined.html:470:32: Warning: missing </span> before <p>
    PolyhedronStateDefined.html:470:35: Warning: inserting implicit <span>
    PolyhedronStateDefined.html:478:1: Warning: inserting implicit <span>
    PolyhedronStateDefined.html:478:1: Warning: missing </span> before <h4>
    PolyhedronStateDefined.html:482:5: Warning: inserting implicit <span>
    PolyhedronStateDefined.html:484:4: Warning: inserting implicit <span>
    PolyhedronStateDefined.html:488:1: Warning: inserting implicit <span>
    PolyhedronStateDefined.html:488:1: Warning: missing </span> before <h5>
    PolyhedronStateDefined.html:488:5: Warning: inserting implicit <span>
    PolyhedronStateDefined.html:490:16: Warning: inserting implicit <span>
    PolyhedronStateDefined.html:490:16: Warning: missing </span> before <pre>
    PolyhedronStateDefined.html:497:5: Warning: inserting implicit <span>
    PolyhedronStateDefined.html:500:1: Warning: inserting implicit <span>
    PolyhedronStateDefined.html:500:1: Warning: missing </span> before <dl>
    PolyhedronStateDefined.html:502:5: Warning: inserting implicit <span>
    PolyhedronStateDefined.html:502:48: Warning: inserting implicit <span>
    PolyhedronStateDefined.html:502:48: Warning: missing </span> before <p>
    PolyhedronStateDefined.html:502:51: Warning: inserting implicit <span>
    PolyhedronStateDefined.html:504:5: Warning: inserting implicit <span>
    PolyhedronStateDefined.html:504:41: Warning: inserting implicit <span>
    PolyhedronStateDefined.html:504:41: Warning: missing </span> before <p>
    PolyhedronStateDefined.html:504:44: Warning: inserting implicit <span>
    PolyhedronStateDefined.html:512:5: Warning: inserting implicit <span>
    PolyhedronStateDefined.html:514:4: Warning: inserting implicit <span>
    PolyhedronStateDefined.html:518:1: Warning: inserting implicit <span>
    PolyhedronStateDefined.html:518:1: Warning: missing </span> before <hr>
    PolyhedronStateDefined.html:519:1: Warning: inserting implicit <span>
    PolyhedronStateDefined.html:519:1: Warning: missing </span> before <h4>
    PolyhedronStateDefined.html:523:5: Warning: inserting implicit <span>
    PolyhedronStateDefined.html:525:4: Warning: inserting implicit <span>
    PolyhedronStateDefined.html:529:1: Warning: inserting implicit <span>
    PolyhedronStateDefined.html:529:1: Warning: missing </span> before <h5>
    PolyhedronStateDefined.html:529:5: Warning: inserting implicit <span>
    PolyhedronStateDefined.html:531:16: Warning: inserting implicit <span>
    PolyhedronStateDefined.html:531:16: Warning: missing </span> before <pre>
    PolyhedronStateDefined.html:538:5: Warning: inserting implicit <span>
    PolyhedronStateDefined.html:541:1: Warning: inserting implicit <span>
    PolyhedronStateDefined.html:541:1: Warning: missing </span> before <dl>
    PolyhedronStateDefined.html:543:5: Warning: inserting implicit <span>
    PolyhedronStateDefined.html:543:41: Warning: inserting implicit <span>
    PolyhedronStateDefined.html:543:41: Warning: missing </span> before <p>
    PolyhedronStateDefined.html:543:44: Warning: inserting implicit <span>
    PolyhedronStateDefined.html:545:5: Warning: inserting implicit <span>
    PolyhedronStateDefined.html:545:46: Warning: inserting implicit <span>
    PolyhedronStateDefined.html:545:46: Warning: missing </span> before <p>
    PolyhedronStateDefined.html:545:49: Warning: inserting implicit <span>
    PolyhedronStateDefined.html:553:1: Warning: inserting implicit <span>
    PolyhedronStateDefined.html:553:1: Warning: missing </span> before <h4>
    PolyhedronStateDefined.html:557:5: Warning: inserting implicit <span>
    PolyhedronStateDefined.html:559:4: Warning: inserting implicit <span>
    PolyhedronStateDefined.html:563:1: Warning: inserting implicit <span>
    PolyhedronStateDefined.html:563:1: Warning: missing </span> before <h5>
    PolyhedronStateDefined.html:563:5: Warning: inserting implicit <span>
    PolyhedronStateDefined.html:565:16: Warning: inserting implicit <span>
    PolyhedronStateDefined.html:565:16: Warning: missing </span> before <pre>
    PolyhedronStateDefined.html:569:5: Warning: inserting implicit <span>
    PolyhedronStateDefined.html:572:1: Warning: inserting implicit <span>
    PolyhedronStateDefined.html:572:1: Warning: missing </span> before <dl>
    PolyhedronStateDefined.html:574:5: Warning: inserting implicit <span>
    PolyhedronStateDefined.html:574:31: Warning: inserting implicit <span>
    PolyhedronStateDefined.html:574:31: Warning: missing </span> before <p>
    PolyhedronStateDefined.html:574:34: Warning: inserting implicit <span>
    PolyhedronStateDefined.html:582:1: Warning: inserting implicit <span>
    PolyhedronStateDefined.html:582:1: Warning: missing </span> before <h4>
    PolyhedronStateDefined.html:586:5: Warning: inserting implicit <span>
    PolyhedronStateDefined.html:588:4: Warning: inserting implicit <span>
    PolyhedronStateDefined.html:592:1: Warning: inserting implicit <span>
    PolyhedronStateDefined.html:592:1: Warning: missing </span> before <h5>
    PolyhedronStateDefined.html:592:5: Warning: inserting implicit <span>
    PolyhedronStateDefined.html:594:16: Warning: inserting implicit <span>
    PolyhedronStateDefined.html:594:16: Warning: missing </span> before <pre>
    PolyhedronStateDefined.html:601:5: Warning: inserting implicit <span>
    PolyhedronStateDefined.html:604:1: Warning: inserting implicit <span>
    PolyhedronStateDefined.html:604:1: Warning: missing </span> before <dl>
    PolyhedronStateDefined.html:606:5: Warning: inserting implicit <span>
    PolyhedronStateDefined.html:606:35: Warning: inserting implicit <span>
    PolyhedronStateDefined.html:606:35: Warning: missing </span> before <p>
    PolyhedronStateDefined.html:606:38: Warning: inserting implicit <span>
    PolyhedronStateDefined.html:608:5: Warning: inserting implicit <span>
    PolyhedronStateDefined.html:608:48: Warning: inserting implicit <span>
    PolyhedronStateDefined.html:608:48: Warning: missing </span> before <p>
    PolyhedronStateDefined.html:608:51: Warning: inserting implicit <span>
    PolyhedronStateDefined.html:616:1: Warning: inserting implicit <span>
    PolyhedronStateDefined.html:616:1: Warning: missing </span> before <h4>
    PolyhedronStateDefined.html:620:5: Warning: inserting implicit <span>
    PolyhedronStateDefined.html:622:4: Warning: inserting implicit <span>
    PolyhedronStateDefined.html:626:1: Warning: inserting implicit <span>
    PolyhedronStateDefined.html:626:1: Warning: missing </span> before <h5>
    PolyhedronStateDefined.html:626:5: Warning: inserting implicit <span>
    PolyhedronStateDefined.html:628:16: Warning: inserting implicit <span>
    PolyhedronStateDefined.html:628:16: Warning: missing </span> before <pre>
    PolyhedronStateDefined.html:632:1: Warning: inserting implicit <span>
    PolyhedronStateDefined.html:632:1: Warning: missing </span> before <h4>
    PolyhedronStateDefined.html:636:5: Warning: inserting implicit <span>
    PolyhedronStateDefined.html:638:4: Warning: inserting implicit <span>
    PolyhedronStateDefined.html:642:1: Warning: inserting implicit <span>
    PolyhedronStateDefined.html:642:1: Warning: missing </span> before <h5>
    PolyhedronStateDefined.html:642:5: Warning: inserting implicit <span>
    PolyhedronStateDefined.html:644:16: Warning: inserting implicit <span>
    PolyhedronStateDefined.html:644:16: Warning: missing </span> before <pre>
    PolyhedronStateDefined.html:648:5: Warning: inserting implicit <span>
    PolyhedronStateDefined.html:651:1: Warning: inserting implicit <span>
    PolyhedronStateDefined.html:651:1: Warning: missing </span> before <dl>
    PolyhedronStateDefined.html:653:5: Warning: inserting implicit <span>
    PolyhedronStateDefined.html:653:48: Warning: inserting implicit <span>
    PolyhedronStateDefined.html:653:48: Warning: missing </span> before <p>
    PolyhedronStateDefined.html:653:51: Warning: inserting implicit <span>
    PolyhedronStateDefined.html:661:5: Warning: inserting implicit <span>
    PolyhedronStateDefined.html:663:4: Warning: inserting implicit <span>
    PolyhedronStateDefined.html:667:1: Warning: inserting implicit <span>
    PolyhedronStateDefined.html:667:1: Warning: missing </span> before <hr>
    PolyhedronStateDefined.html:668:1: Warning: inserting implicit <span>
    PolyhedronStateDefined.html:668:1: Warning: missing </span> before <h4>
    PolyhedronStateDefined.html:672:5: Warning: inserting implicit <span>
    PolyhedronStateDefined.html:674:4: Warning: inserting implicit <span>
    PolyhedronStateDefined.html:678:1: Warning: inserting implicit <span>
    PolyhedronStateDefined.html:678:1: Warning: missing </span> before <h5>
    PolyhedronStateDefined.html:678:5: Warning: inserting implicit <span>
    PolyhedronStateDefined.html:680:16: Warning: inserting implicit <span>
    PolyhedronStateDefined.html:680:16: Warning: missing </span> before <pre>
    PolyhedronStateDefined.html:684:5: Warning: inserting implicit <span>
    PolyhedronStateDefined.html:687:1: Warning: inserting implicit <span>
    PolyhedronStateDefined.html:687:1: Warning: missing </span> before <dl>
    PolyhedronStateDefined.html:689:5: Warning: inserting implicit <span>
    PolyhedronStateDefined.html:689:48: Warning: inserting implicit <span>
    PolyhedronStateDefined.html:689:48: Warning: missing </span> before <p>
    PolyhedronStateDefined.html:689:51: Warning: inserting implicit <span>
    PolyhedronStateDefined.html:697:1: Warning: inserting implicit <span>
    PolyhedronStateDefined.html:697:1: Warning: missing </span> before <h4>
    PolyhedronStateDefined.html:701:5: Warning: inserting implicit <span>
    PolyhedronStateDefined.html:703:4: Warning: inserting implicit <span>
    PolyhedronStateDefined.html:707:1: Warning: inserting implicit <span>
    PolyhedronStateDefined.html:707:1: Warning: missing </span> before <h5>
    PolyhedronStateDefined.html:707:5: Warning: inserting implicit <span>
    PolyhedronStateDefined.html:709:16: Warning: inserting implicit <span>
    PolyhedronStateDefined.html:709:16: Warning: missing </span> before <pre>
    PolyhedronStateDefined.html:713:1: Warning: inserting implicit <span>
    PolyhedronStateDefined.html:713:1: Warning: missing </span> before <h4>
    PolyhedronStateDefined.html:717:5: Warning: inserting implicit <span>
    PolyhedronStateDefined.html:719:4: Warning: inserting implicit <span>
    PolyhedronStateDefined.html:723:1: Warning: inserting implicit <span>
    PolyhedronStateDefined.html:723:1: Warning: missing </span> before <h5>
    PolyhedronStateDefined.html:723:5: Warning: inserting implicit <span>
    PolyhedronStateDefined.html:725:16: Warning: inserting implicit <span>
    PolyhedronStateDefined.html:725:16: Warning: missing </span> before <pre>
    PolyhedronStateDefined.html:729:5: Warning: inserting implicit <span>
    PolyhedronStateDefined.html:732:1: Warning: inserting implicit <span>
    PolyhedronStateDefined.html:732:1: Warning: missing </span> before <dl>
    PolyhedronStateDefined.html:734:5: Warning: inserting implicit <span>
    PolyhedronStateDefined.html:734:37: Warning: inserting implicit <span>
    PolyhedronStateDefined.html:734:37: Warning: missing </span> before <p>
    PolyhedronStateDefined.html:734:40: Warning: inserting implicit <span>
    PolyhedronStateDefined.html:742:1: Warning: inserting implicit <span>
    PolyhedronStateDefined.html:742:1: Warning: missing </span> before <h4>
    PolyhedronStateDefined.html:746:5: Warning: inserting implicit <span>
    PolyhedronStateDefined.html:748:4: Warning: inserting implicit <span>
    PolyhedronStateDefined.html:752:1: Warning: inserting implicit <span>
    PolyhedronStateDefined.html:752:1: Warning: missing </span> before <h5>
    PolyhedronStateDefined.html:752:5: Warning: inserting implicit <span>
    PolyhedronStateDefined.html:754:16: Warning: inserting implicit <span>
    PolyhedronStateDefined.html:754:16: Warning: missing </span> before <pre>
    PolyhedronStateDefined.html:758:1: Warning: inserting implicit <span>
    PolyhedronStateDefined.html:758:1: Warning: missing </span> before <h4>
    PolyhedronStateDefined.html:762:5: Warning: inserting implicit <span>
    PolyhedronStateDefined.html:764:4: Warning: inserting implicit <span>
    PolyhedronStateDefined.html:768:1: Warning: inserting implicit <span>
    PolyhedronStateDefined.html:768:1: Warning: missing </span> before <h5>
    PolyhedronStateDefined.html:768:5: Warning: inserting implicit <span>
    PolyhedronStateDefined.html:770:16: Warning: inserting implicit <span>
    PolyhedronStateDefined.html:770:16: Warning: missing </span> before <pre>
    PolyhedronStateDefined.html:774:5: Warning: inserting implicit <span>
    PolyhedronStateDefined.html:777:1: Warning: inserting implicit <span>
    PolyhedronStateDefined.html:777:1: Warning: missing </span> before <dl>
    PolyhedronStateDefined.html:779:5: Warning: inserting implicit <span>
    PolyhedronStateDefined.html:779:31: Warning: inserting implicit <span>
    PolyhedronStateDefined.html:779:31: Warning: missing </span> before <p>
    PolyhedronStateDefined.html:779:34: Warning: inserting implicit <span>
    PolyhedronStateDefined.html:788:5: Warning: inserting implicit <span>
    PolyhedronStateDefined.html:790:4: Warning: inserting implicit <span>
    PolyhedronStateDefined.html:794:1: Warning: inserting implicit <span>
    PolyhedronStateDefined.html:173:1: Warning: trimming empty <span>
    PolyhedronStateDefined.html:175:16: Warning: trimming empty <span>
    PolyhedronStateDefined.html:196:1: Warning: trimming empty <span>
    PolyhedronStateDefined.html:198:33: Warning: trimming empty <span>
    PolyhedronStateDefined.html:200:34: Warning: trimming empty <span>
    PolyhedronStateDefined.html:202:31: Warning: trimming empty <span>
    PolyhedronStateDefined.html:204:35: Warning: trimming empty <span>
    PolyhedronStateDefined.html:206:32: Warning: trimming empty <span>
    PolyhedronStateDefined.html:208:30: Warning: trimming empty <span>
    PolyhedronStateDefined.html:210:33: Warning: trimming empty <span>
    PolyhedronStateDefined.html:212:31: Warning: trimming empty <span>
    PolyhedronStateDefined.html:214:33: Warning: trimming empty <span>
    PolyhedronStateDefined.html:216:36: Warning: trimming empty <span>
    PolyhedronStateDefined.html:218:33: Warning: trimming empty <span>
    PolyhedronStateDefined.html:220:30: Warning: trimming empty <span>
    PolyhedronStateDefined.html:222:41: Warning: trimming empty <span>
    PolyhedronStateDefined.html:236:1: Warning: trimming empty <span>
    PolyhedronStateDefined.html:248:1: Warning: trimming empty <span>
    PolyhedronStateDefined.html:250:16: Warning: trimming empty <span>
    PolyhedronStateDefined.html:260:1: Warning: trimming empty <span>
    PolyhedronStateDefined.html:271:1: Warning: trimming empty <span>
    PolyhedronStateDefined.html:273:16: Warning: trimming empty <span>
    PolyhedronStateDefined.html:283:1: Warning: trimming empty <span>
    PolyhedronStateDefined.html:294:1: Warning: trimming empty <span>
    PolyhedronStateDefined.html:296:16: Warning: trimming empty <span>
    PolyhedronStateDefined.html:306:1: Warning: trimming empty <span>
    PolyhedronStateDefined.html:317:1: Warning: trimming empty <span>
    PolyhedronStateDefined.html:319:16: Warning: trimming empty <span>
    PolyhedronStateDefined.html:326:1: Warning: trimming empty <span>
    PolyhedronStateDefined.html:328:41: Warning: trimming empty <span>
    PolyhedronStateDefined.html:342:1: Warning: trimming empty <span>
    PolyhedronStateDefined.html:353:1: Warning: trimming empty <span>
    PolyhedronStateDefined.html:355:16: Warning: trimming empty <span>
    PolyhedronStateDefined.html:362:1: Warning: trimming empty <span>
    PolyhedronStateDefined.html:364:32: Warning: trimming empty <span>
    PolyhedronStateDefined.html:382:1: Warning: trimming empty <span>
    PolyhedronStateDefined.html:384:16: Warning: trimming empty <span>
    PolyhedronStateDefined.html:398:1: Warning: trimming empty <span>
    PolyhedronStateDefined.html:400:16: Warning: trimming empty <span>
    PolyhedronStateDefined.html:414:1: Warning: trimming empty <span>
    PolyhedronStateDefined.html:416:16: Warning: trimming empty <span>
    PolyhedronStateDefined.html:423:1: Warning: trimming empty <span>
    PolyhedronStateDefined.html:425:46: Warning: trimming empty <span>
    PolyhedronStateDefined.html:443:1: Warning: trimming empty <span>
    PolyhedronStateDefined.html:445:16: Warning: trimming empty <span>
    PolyhedronStateDefined.html:459:1: Warning: trimming empty <span>
    PolyhedronStateDefined.html:461:16: Warning: trimming empty <span>
    PolyhedronStateDefined.html:468:1: Warning: trimming empty <span>
    PolyhedronStateDefined.html:470:32: Warning: trimming empty <span>
    PolyhedronStateDefined.html:488:1: Warning: trimming empty <span>
    PolyhedronStateDefined.html:490:16: Warning: trimming empty <span>
    PolyhedronStateDefined.html:500:1: Warning: trimming empty <span>
    PolyhedronStateDefined.html:502:48: Warning: trimming empty <span>
    PolyhedronStateDefined.html:504:41: Warning: trimming empty <span>
    PolyhedronStateDefined.html:518:1: Warning: trimming empty <span>
    PolyhedronStateDefined.html:529:1: Warning: trimming empty <span>
    PolyhedronStateDefined.html:531:16: Warning: trimming empty <span>
    PolyhedronStateDefined.html:541:1: Warning: trimming empty <span>
    PolyhedronStateDefined.html:543:41: Warning: trimming empty <span>
    PolyhedronStateDefined.html:545:46: Warning: trimming empty <span>
    PolyhedronStateDefined.html:563:1: Warning: trimming empty <span>
    PolyhedronStateDefined.html:565:16: Warning: trimming empty <span>
    PolyhedronStateDefined.html:572:1: Warning: trimming empty <span>
    PolyhedronStateDefined.html:574:31: Warning: trimming empty <span>
    PolyhedronStateDefined.html:592:1: Warning: trimming empty <span>
    PolyhedronStateDefined.html:594:16: Warning: trimming empty <span>
    PolyhedronStateDefined.html:604:1: Warning: trimming empty <span>
    PolyhedronStateDefined.html:606:35: Warning: trimming empty <span>
    PolyhedronStateDefined.html:608:48: Warning: trimming empty <span>
    PolyhedronStateDefined.html:626:1: Warning: trimming empty <span>
    PolyhedronStateDefined.html:628:16: Warning: trimming empty <span>
    PolyhedronStateDefined.html:642:1: Warning: trimming empty <span>
    PolyhedronStateDefined.html:644:16: Warning: trimming empty <span>
    PolyhedronStateDefined.html:651:1: Warning: trimming empty <span>
    PolyhedronStateDefined.html:653:48: Warning: trimming empty <span>
    PolyhedronStateDefined.html:667:1: Warning: trimming empty <span>
    PolyhedronStateDefined.html:678:1: Warning: trimming empty <span>
    PolyhedronStateDefined.html:680:16: Warning: trimming empty <span>
    PolyhedronStateDefined.html:687:1: Warning: trimming empty <span>
    PolyhedronStateDefined.html:689:48: Warning: trimming empty <span>
    PolyhedronStateDefined.html:707:1: Warning: trimming empty <span>
    PolyhedronStateDefined.html:709:16: Warning: trimming empty <span>
    PolyhedronStateDefined.html:723:1: Warning: trimming empty <span>
    PolyhedronStateDefined.html:725:16: Warning: trimming empty <span>
    PolyhedronStateDefined.html:732:1: Warning: trimming empty <span>
    PolyhedronStateDefined.html:734:37: Warning: trimming empty <span>
    PolyhedronStateDefined.html:752:1: Warning: trimming empty <span>
    PolyhedronStateDefined.html:754:16: Warning: trimming empty <span>
    PolyhedronStateDefined.html:768:1: Warning: trimming empty <span>
    PolyhedronStateDefined.html:770:16: Warning: trimming empty <span>
    PolyhedronStateDefined.html:777:1: Warning: trimming empty <span>
    PolyhedronStateDefined.html:779:31: Warning: trimming empty <span>
    PolyhedronStateDefined.html:794:1: Warning: trimming empty <span>
    PolyhedronStateDeserializer.html:67:5: Warning: missing </span> before </li>
    PolyhedronStateDeserializer.html:68:5: Warning: inserting implicit <span>
    PolyhedronStateDeserializer.html:68:5: Warning: missing </span> before </li>
    PolyhedronStateDeserializer.html:69:5: Warning: inserting implicit <span>
    PolyhedronStateDeserializer.html:69:5: Warning: missing </span> before </li>
    PolyhedronStateDeserializer.html:70:5: Warning: inserting implicit <span>
    PolyhedronStateDeserializer.html:70:5: Warning: missing </span> before </li>
    PolyhedronStateDeserializer.html:71:5: Warning: inserting implicit <span>
    PolyhedronStateDeserializer.html:71:5: Warning: missing </span> before </li>
    PolyhedronStateDeserializer.html:72:5: Warning: inserting implicit <span>
    PolyhedronStateDeserializer.html:72:5: Warning: missing </span> before </li>
    PolyhedronStateDeserializer.html:73:5: Warning: inserting implicit <span>
    PolyhedronStateDeserializer.html:73:5: Warning: missing </span> before </li>
    PolyhedronStateDeserializer.html:78:1: Warning: inserting implicit <span>
    PolyhedronStateDeserializer.html:78:1: Warning: missing </span> before <h4>
    PolyhedronStateDeserializer.html:82:5: Warning: inserting implicit <span>
    PolyhedronStateDeserializer.html:84:4: Warning: inserting implicit <span>
    PolyhedronStateDeserializer.html:88:1: Warning: inserting implicit <span>
    PolyhedronStateDeserializer.html:88:1: Warning: missing </span> before <h5>
    PolyhedronStateDeserializer.html:88:5: Warning: inserting implicit <span>
    PolyhedronStateDeserializer.html:90:16: Warning: inserting implicit <span>
    PolyhedronStateDeserializer.html:90:16: Warning: missing </span> before <pre>
    PolyhedronStateDeserializer.html:94:5: Warning: inserting implicit <span>
    PolyhedronStateDeserializer.html:97:1: Warning: inserting implicit <span>
    PolyhedronStateDeserializer.html:97:1: Warning: missing </span> before <dl>
    PolyhedronStateDeserializer.html:99:5: Warning: inserting implicit <span>
    PolyhedronStateDeserializer.html:99:48: Warning: inserting implicit <span>
    PolyhedronStateDeserializer.html:99:48: Warning: missing </span> before <p>
    PolyhedronStateDeserializer.html:99:51: Warning: inserting implicit <span>
    PolyhedronStateDeserializer.html:107:5: Warning: inserting implicit <span>
    PolyhedronStateDeserializer.html:109:4: Warning: inserting implicit <span>
    PolyhedronStateDeserializer.html:113:1: Warning: inserting implicit <span>
    PolyhedronStateDeserializer.html:113:1: Warning: missing </span> before <hr>
    PolyhedronStateDeserializer.html:114:1: Warning: inserting implicit <span>
    PolyhedronStateDeserializer.html:114:1: Warning: missing </span> before <h4>
    PolyhedronStateDeserializer.html:118:5: Warning: inserting implicit <span>
    PolyhedronStateDeserializer.html:120:4: Warning: inserting implicit <span>
    PolyhedronStateDeserializer.html:124:1: Warning: inserting implicit <span>
    PolyhedronStateDeserializer.html:124:1: Warning: missing </span> before <h5>
    PolyhedronStateDeserializer.html:124:5: Warning: inserting implicit <span>
    PolyhedronStateDeserializer.html:126:16: Warning: inserting implicit <span>
    PolyhedronStateDeserializer.html:126:16: Warning: missing </span> before <pre>
    PolyhedronStateDeserializer.html:130:5: Warning: inserting implicit <span>
    PolyhedronStateDeserializer.html:132:4: Warning: inserting implicit <span>
    PolyhedronStateDeserializer.html:136:1: Warning: inserting implicit <span>
    PolyhedronStateDeserializer.html:136:1: Warning: missing </span> before <hr>
    PolyhedronStateDeserializer.html:137:1: Warning: inserting implicit <span>
    PolyhedronStateDeserializer.html:137:1: Warning: missing </span> before <h4>
    PolyhedronStateDeserializer.html:141:5: Warning: inserting implicit <span>
    PolyhedronStateDeserializer.html:143:4: Warning: inserting implicit <span>
    PolyhedronStateDeserializer.html:147:1: Warning: inserting implicit <span>
    PolyhedronStateDeserializer.html:147:1: Warning: missing </span> before <h5>
    PolyhedronStateDeserializer.html:147:5: Warning: inserting implicit <span>
    PolyhedronStateDeserializer.html:149:16: Warning: inserting implicit <span>
    PolyhedronStateDeserializer.html:149:16: Warning: missing </span> before <pre>
    PolyhedronStateDeserializer.html:153:5: Warning: inserting implicit <span>
    PolyhedronStateDeserializer.html:156:1: Warning: inserting implicit <span>
    PolyhedronStateDeserializer.html:156:1: Warning: missing </span> before <dl>
    PolyhedronStateDeserializer.html:158:5: Warning: inserting implicit <span>
    PolyhedronStateDeserializer.html:158:31: Warning: inserting implicit <span>
    PolyhedronStateDeserializer.html:158:31: Warning: missing </span> before <p>
    PolyhedronStateDeserializer.html:158:34: Warning: inserting implicit <span>
    PolyhedronStateDeserializer.html:167:5: Warning: inserting implicit <span>
    PolyhedronStateDeserializer.html:169:4: Warning: inserting implicit <span>
    PolyhedronStateDeserializer.html:173:1: Warning: inserting implicit <span>
    PolyhedronStateDeserializer.html:88:1: Warning: trimming empty <span>
    PolyhedronStateDeserializer.html:90:16: Warning: trimming empty <span>
    PolyhedronStateDeserializer.html:97:1: Warning: trimming empty <span>
    PolyhedronStateDeserializer.html:99:48: Warning: trimming empty <span>
    PolyhedronStateDeserializer.html:113:1: Warning: trimming empty <span>
    PolyhedronStateDeserializer.html:124:1: Warning: trimming empty <span>
    PolyhedronStateDeserializer.html:126:16: Warning: trimming empty <span>
    PolyhedronStateDeserializer.html:136:1: Warning: trimming empty <span>
    PolyhedronStateDeserializer.html:147:1: Warning: trimming empty <span>
    PolyhedronStateDeserializer.html:149:16: Warning: trimming empty <span>
    PolyhedronStateDeserializer.html:156:1: Warning: trimming empty <span>
    PolyhedronStateDeserializer.html:158:31: Warning: trimming empty <span>
    PolyhedronStateDeserializer.html:173:1: Warning: trimming empty <span>
    PolyhedronStateDmccooeyScraper.html:111:5: Warning: missing </span> before </li>
    PolyhedronStateDmccooeyScraper.html:112:5: Warning: inserting implicit <span>
    PolyhedronStateDmccooeyScraper.html:112:5: Warning: missing </span> before </li>
    PolyhedronStateDmccooeyScraper.html:113:5: Warning: inserting implicit <span>
    PolyhedronStateDmccooeyScraper.html:113:5: Warning: missing </span> before </li>
    PolyhedronStateDmccooeyScraper.html:118:1: Warning: inserting implicit <span>
    PolyhedronStateDmccooeyScraper.html:118:1: Warning: missing </span> before <h4>
    PolyhedronStateDmccooeyScraper.html:122:5: Warning: inserting implicit <span>
    PolyhedronStateDmccooeyScraper.html:124:4: Warning: inserting implicit <span>
    PolyhedronStateDmccooeyScraper.html:128:1: Warning: inserting implicit <span>
    PolyhedronStateDmccooeyScraper.html:128:1: Warning: missing </span> before <h5>
    PolyhedronStateDmccooeyScraper.html:128:5: Warning: inserting implicit <span>
    PolyhedronStateDmccooeyScraper.html:130:16: Warning: inserting implicit <span>
    PolyhedronStateDmccooeyScraper.html:130:16: Warning: missing </span> before <pre>
    PolyhedronStateDmccooeyScraper.html:134:5: Warning: inserting implicit <span>
    PolyhedronStateDmccooeyScraper.html:137:1: Warning: inserting implicit <span>
    PolyhedronStateDmccooeyScraper.html:137:1: Warning: missing </span> before <dl>
    PolyhedronStateDmccooeyScraper.html:139:5: Warning: inserting implicit <span>
    PolyhedronStateDmccooeyScraper.html:139:34: Warning: inserting implicit <span>
    PolyhedronStateDmccooeyScraper.html:139:34: Warning: missing </span> before <p>
    PolyhedronStateDmccooeyScraper.html:139:37: Warning: inserting implicit <span>
    PolyhedronStateDmccooeyScraper.html:141:5: Warning: inserting implicit <span>
    PolyhedronStateDmccooeyScraper.html:141:51: Warning: inserting implicit <span>
    PolyhedronStateDmccooeyScraper.html:141:51: Warning: missing </span> before <p>
    PolyhedronStateDmccooeyScraper.html:141:54: Warning: inserting implicit <span>
    PolyhedronStateDmccooeyScraper.html:149:5: Warning: inserting implicit <span>
    PolyhedronStateDmccooeyScraper.html:151:4: Warning: inserting implicit <span>
    PolyhedronStateDmccooeyScraper.html:155:1: Warning: inserting implicit <span>
    PolyhedronStateDmccooeyScraper.html:155:1: Warning: missing </span> before <hr>
    PolyhedronStateDmccooeyScraper.html:156:1: Warning: inserting implicit <span>
    PolyhedronStateDmccooeyScraper.html:156:1: Warning: missing </span> before <h4>
    PolyhedronStateDmccooeyScraper.html:160:5: Warning: inserting implicit <span>
    PolyhedronStateDmccooeyScraper.html:162:4: Warning: inserting implicit <span>
    PolyhedronStateDmccooeyScraper.html:166:1: Warning: inserting implicit <span>
    PolyhedronStateDmccooeyScraper.html:166:1: Warning: missing </span> before <h5>
    PolyhedronStateDmccooeyScraper.html:166:5: Warning: inserting implicit <span>
    PolyhedronStateDmccooeyScraper.html:168:16: Warning: inserting implicit <span>
    PolyhedronStateDmccooeyScraper.html:168:16: Warning: missing </span> before <pre>
    PolyhedronStateDmccooeyScraper.html:172:5: Warning: inserting implicit <span>
    PolyhedronStateDmccooeyScraper.html:174:4: Warning: inserting implicit <span>
    PolyhedronStateDmccooeyScraper.html:178:1: Warning: inserting implicit <span>
    PolyhedronStateDmccooeyScraper.html:178:1: Warning: missing </span> before <hr>
    PolyhedronStateDmccooeyScraper.html:179:1: Warning: inserting implicit <span>
    PolyhedronStateDmccooeyScraper.html:179:1: Warning: missing </span> before <h4>
    PolyhedronStateDmccooeyScraper.html:183:5: Warning: inserting implicit <span>
    PolyhedronStateDmccooeyScraper.html:185:4: Warning: inserting implicit <span>
    PolyhedronStateDmccooeyScraper.html:189:1: Warning: inserting implicit <span>
    PolyhedronStateDmccooeyScraper.html:189:1: Warning: missing </span> before <h5>
    PolyhedronStateDmccooeyScraper.html:189:5: Warning: inserting implicit <span>
    PolyhedronStateDmccooeyScraper.html:191:16: Warning: inserting implicit <span>
    PolyhedronStateDmccooeyScraper.html:191:16: Warning: missing </span> before <pre>
    PolyhedronStateDmccooeyScraper.html:195:5: Warning: inserting implicit <span>
    PolyhedronStateDmccooeyScraper.html:198:1: Warning: inserting implicit <span>
    PolyhedronStateDmccooeyScraper.html:198:1: Warning: missing </span> before <dl>
    PolyhedronStateDmccooeyScraper.html:200:5: Warning: inserting implicit <span>
    PolyhedronStateDmccooeyScraper.html:200:39: Warning: inserting implicit <span>
    PolyhedronStateDmccooeyScraper.html:200:39: Warning: missing </span> before <p>
    PolyhedronStateDmccooeyScraper.html:200:42: Warning: inserting implicit <span>
    PolyhedronStateDmccooeyScraper.html:208:5: Warning: inserting implicit <span>
    PolyhedronStateDmccooeyScraper.html:210:4: Warning: inserting implicit <span>
    PolyhedronStateDmccooeyScraper.html:214:1: Warning: inserting implicit <span>
    PolyhedronStateDmccooeyScraper.html:214:1: Warning: missing </span> before <hr>
    PolyhedronStateDmccooeyScraper.html:215:1: Warning: inserting implicit <span>
    PolyhedronStateDmccooeyScraper.html:215:1: Warning: missing </span> before <h4>
    PolyhedronStateDmccooeyScraper.html:219:5: Warning: inserting implicit <span>
    PolyhedronStateDmccooeyScraper.html:221:4: Warning: inserting implicit <span>
    PolyhedronStateDmccooeyScraper.html:225:1: Warning: inserting implicit <span>
    PolyhedronStateDmccooeyScraper.html:225:1: Warning: missing </span> before <h5>
    PolyhedronStateDmccooeyScraper.html:225:5: Warning: inserting implicit <span>
    PolyhedronStateDmccooeyScraper.html:227:16: Warning: inserting implicit <span>
    PolyhedronStateDmccooeyScraper.html:227:16: Warning: missing </span> before <pre>
    PolyhedronStateDmccooeyScraper.html:231:5: Warning: inserting implicit <span>
    PolyhedronStateDmccooeyScraper.html:234:1: Warning: inserting implicit <span>
    PolyhedronStateDmccooeyScraper.html:234:1: Warning: missing </span> before <dl>
    PolyhedronStateDmccooeyScraper.html:236:5: Warning: inserting implicit <span>
    PolyhedronStateDmccooeyScraper.html:236:41: Warning: inserting implicit <span>
    PolyhedronStateDmccooeyScraper.html:236:41: Warning: missing </span> before <p>
    PolyhedronStateDmccooeyScraper.html:236:44: Warning: inserting implicit <span>
    PolyhedronStateDmccooeyScraper.html:244:5: Warning: inserting implicit <span>
    PolyhedronStateDmccooeyScraper.html:246:4: Warning: inserting implicit <span>
    PolyhedronStateDmccooeyScraper.html:250:1: Warning: inserting implicit <span>
    PolyhedronStateDmccooeyScraper.html:250:1: Warning: missing </span> before <hr>
    PolyhedronStateDmccooeyScraper.html:251:1: Warning: inserting implicit <span>
    PolyhedronStateDmccooeyScraper.html:251:1: Warning: missing </span> before <h4>
    PolyhedronStateDmccooeyScraper.html:255:5: Warning: inserting implicit <span>
    PolyhedronStateDmccooeyScraper.html:257:4: Warning: inserting implicit <span>
    PolyhedronStateDmccooeyScraper.html:261:1: Warning: inserting implicit <span>
    PolyhedronStateDmccooeyScraper.html:261:1: Warning: missing </span> before <h5>
    PolyhedronStateDmccooeyScraper.html:261:5: Warning: inserting implicit <span>
    PolyhedronStateDmccooeyScraper.html:263:16: Warning: inserting implicit <span>
    PolyhedronStateDmccooeyScraper.html:263:16: Warning: missing </span> before <pre>
    PolyhedronStateDmccooeyScraper.html:267:5: Warning: inserting implicit <span>
    PolyhedronStateDmccooeyScraper.html:270:1: Warning: inserting implicit <span>
    PolyhedronStateDmccooeyScraper.html:270:1: Warning: missing </span> before <dl>
    PolyhedronStateDmccooeyScraper.html:272:5: Warning: inserting implicit <span>
    PolyhedronStateDmccooeyScraper.html:272:38: Warning: inserting implicit <span>
    PolyhedronStateDmccooeyScraper.html:272:38: Warning: missing </span> before <p>
    PolyhedronStateDmccooeyScraper.html:272:41: Warning: inserting implicit <span>
    PolyhedronStateDmccooeyScraper.html:280:5: Warning: inserting implicit <span>
    PolyhedronStateDmccooeyScraper.html:282:4: Warning: inserting implicit <span>
    PolyhedronStateDmccooeyScraper.html:286:1: Warning: inserting implicit <span>
    PolyhedronStateDmccooeyScraper.html:286:1: Warning: missing </span> before <hr>
    PolyhedronStateDmccooeyScraper.html:287:1: Warning: inserting implicit <span>
    PolyhedronStateDmccooeyScraper.html:287:1: Warning: missing </span> before <h4>
    PolyhedronStateDmccooeyScraper.html:291:5: Warning: inserting implicit <span>
    PolyhedronStateDmccooeyScraper.html:293:4: Warning: inserting implicit <span>
    PolyhedronStateDmccooeyScraper.html:297:1: Warning: inserting implicit <span>
    PolyhedronStateDmccooeyScraper.html:297:1: Warning: missing </span> before <h5>
    PolyhedronStateDmccooeyScraper.html:297:5: Warning: inserting implicit <span>
    PolyhedronStateDmccooeyScraper.html:299:16: Warning: inserting implicit <span>
    PolyhedronStateDmccooeyScraper.html:299:16: Warning: missing </span> before <pre>
    PolyhedronStateDmccooeyScraper.html:303:5: Warning: inserting implicit <span>
    PolyhedronStateDmccooeyScraper.html:305:4: Warning: inserting implicit <span>
    PolyhedronStateDmccooeyScraper.html:309:1: Warning: inserting implicit <span>
    PolyhedronStateDmccooeyScraper.html:309:1: Warning: missing </span> before <hr>
    PolyhedronStateDmccooeyScraper.html:310:1: Warning: inserting implicit <span>
    PolyhedronStateDmccooeyScraper.html:310:1: Warning: missing </span> before <h4>
    PolyhedronStateDmccooeyScraper.html:314:5: Warning: inserting implicit <span>
    PolyhedronStateDmccooeyScraper.html:316:4: Warning: inserting implicit <span>
    PolyhedronStateDmccooeyScraper.html:320:1: Warning: inserting implicit <span>
    PolyhedronStateDmccooeyScraper.html:320:1: Warning: missing </span> before <h5>
    PolyhedronStateDmccooeyScraper.html:320:5: Warning: inserting implicit <span>
    PolyhedronStateDmccooeyScraper.html:322:16: Warning: inserting implicit <span>
    PolyhedronStateDmccooeyScraper.html:322:16: Warning: missing </span> before <pre>
    PolyhedronStateDmccooeyScraper.html:326:5: Warning: inserting implicit <span>
    PolyhedronStateDmccooeyScraper.html:328:4: Warning: inserting implicit <span>
    PolyhedronStateDmccooeyScraper.html:332:1: Warning: inserting implicit <span>
    PolyhedronStateDmccooeyScraper.html:332:1: Warning: missing </span> before <hr>
    PolyhedronStateDmccooeyScraper.html:333:1: Warning: inserting implicit <span>
    PolyhedronStateDmccooeyScraper.html:333:1: Warning: missing </span> before <h4>
    PolyhedronStateDmccooeyScraper.html:337:5: Warning: inserting implicit <span>
    PolyhedronStateDmccooeyScraper.html:339:4: Warning: inserting implicit <span>
    PolyhedronStateDmccooeyScraper.html:343:1: Warning: inserting implicit <span>
    PolyhedronStateDmccooeyScraper.html:343:1: Warning: missing </span> before <h5>
    PolyhedronStateDmccooeyScraper.html:343:5: Warning: inserting implicit <span>
    PolyhedronStateDmccooeyScraper.html:345:16: Warning: inserting implicit <span>
    PolyhedronStateDmccooeyScraper.html:345:16: Warning: missing </span> before <pre>
    PolyhedronStateDmccooeyScraper.html:349:5: Warning: inserting implicit <span>
    PolyhedronStateDmccooeyScraper.html:352:1: Warning: inserting implicit <span>
    PolyhedronStateDmccooeyScraper.html:352:1: Warning: missing </span> before <dl>
    PolyhedronStateDmccooeyScraper.html:354:5: Warning: inserting implicit <span>
    PolyhedronStateDmccooeyScraper.html:354:48: Warning: inserting implicit <span>
    PolyhedronStateDmccooeyScraper.html:354:48: Warning: missing </span> before <p>
    PolyhedronStateDmccooeyScraper.html:354:51: Warning: inserting implicit <span>
    PolyhedronStateDmccooeyScraper.html:362:1: Warning: inserting implicit <span>
    PolyhedronStateDmccooeyScraper.html:362:1: Warning: missing </span> before <h4>
    PolyhedronStateDmccooeyScraper.html:366:5: Warning: inserting implicit <span>
    PolyhedronStateDmccooeyScraper.html:368:4: Warning: inserting implicit <span>
    PolyhedronStateDmccooeyScraper.html:372:1: Warning: inserting implicit <span>
    PolyhedronStateDmccooeyScraper.html:372:1: Warning: missing </span> before <h5>
    PolyhedronStateDmccooeyScraper.html:372:5: Warning: inserting implicit <span>
    PolyhedronStateDmccooeyScraper.html:374:16: Warning: inserting implicit <span>
    PolyhedronStateDmccooeyScraper.html:374:16: Warning: missing </span> before <pre>
    PolyhedronStateDmccooeyScraper.html:378:5: Warning: inserting implicit <span>
    PolyhedronStateDmccooeyScraper.html:381:1: Warning: inserting implicit <span>
    PolyhedronStateDmccooeyScraper.html:381:1: Warning: missing </span> before <dl>
    PolyhedronStateDmccooeyScraper.html:383:5: Warning: inserting implicit <span>
    PolyhedronStateDmccooeyScraper.html:383:48: Warning: inserting implicit <span>
    PolyhedronStateDmccooeyScraper.html:383:48: Warning: missing </span> before <p>
    PolyhedronStateDmccooeyScraper.html:383:51: Warning: inserting implicit <span>
    PolyhedronStateDmccooeyScraper.html:391:1: Warning: inserting implicit <span>
    PolyhedronStateDmccooeyScraper.html:391:1: Warning: missing </span> before <h4>
    PolyhedronStateDmccooeyScraper.html:395:5: Warning: inserting implicit <span>
    PolyhedronStateDmccooeyScraper.html:397:4: Warning: inserting implicit <span>
    PolyhedronStateDmccooeyScraper.html:401:1: Warning: inserting implicit <span>
    PolyhedronStateDmccooeyScraper.html:401:1: Warning: missing </span> before <h5>
    PolyhedronStateDmccooeyScraper.html:401:5: Warning: inserting implicit <span>
    PolyhedronStateDmccooeyScraper.html:403:16: Warning: inserting implicit <span>
    PolyhedronStateDmccooeyScraper.html:403:16: Warning: missing </span> before <pre>
    PolyhedronStateDmccooeyScraper.html:407:1: Warning: inserting implicit <span>
    PolyhedronStateDmccooeyScraper.html:407:1: Warning: missing </span> before <h4>
    PolyhedronStateDmccooeyScraper.html:411:5: Warning: inserting implicit <span>
    PolyhedronStateDmccooeyScraper.html:413:4: Warning: inserting implicit <span>
    PolyhedronStateDmccooeyScraper.html:417:1: Warning: inserting implicit <span>
    PolyhedronStateDmccooeyScraper.html:417:1: Warning: missing </span> before <h5>
    PolyhedronStateDmccooeyScraper.html:417:5: Warning: inserting implicit <span>
    PolyhedronStateDmccooeyScraper.html:419:16: Warning: inserting implicit <span>
    PolyhedronStateDmccooeyScraper.html:419:16: Warning: missing </span> before <pre>
    PolyhedronStateDmccooeyScraper.html:423:5: Warning: inserting implicit <span>
    PolyhedronStateDmccooeyScraper.html:426:1: Warning: inserting implicit <span>
    PolyhedronStateDmccooeyScraper.html:426:1: Warning: missing </span> before <dl>
    PolyhedronStateDmccooeyScraper.html:428:5: Warning: inserting implicit <span>
    PolyhedronStateDmccooeyScraper.html:428:31: Warning: inserting implicit <span>
    PolyhedronStateDmccooeyScraper.html:428:31: Warning: missing </span> before <p>
    PolyhedronStateDmccooeyScraper.html:428:34: Warning: inserting implicit <span>
    PolyhedronStateDmccooeyScraper.html:437:5: Warning: inserting implicit <span>
    PolyhedronStateDmccooeyScraper.html:439:4: Warning: inserting implicit <span>
    PolyhedronStateDmccooeyScraper.html:443:1: Warning: inserting implicit <span>
    PolyhedronStateDmccooeyScraper.html:128:1: Warning: trimming empty <span>
    PolyhedronStateDmccooeyScraper.html:130:16: Warning: trimming empty <span>
    PolyhedronStateDmccooeyScraper.html:137:1: Warning: trimming empty <span>
    PolyhedronStateDmccooeyScraper.html:139:34: Warning: trimming empty <span>
    PolyhedronStateDmccooeyScraper.html:141:51: Warning: trimming empty <span>
    PolyhedronStateDmccooeyScraper.html:155:1: Warning: trimming empty <span>
    PolyhedronStateDmccooeyScraper.html:166:1: Warning: trimming empty <span>
    PolyhedronStateDmccooeyScraper.html:168:16: Warning: trimming empty <span>
    PolyhedronStateDmccooeyScraper.html:178:1: Warning: trimming empty <span>
    PolyhedronStateDmccooeyScraper.html:189:1: Warning: trimming empty <span>
    PolyhedronStateDmccooeyScraper.html:191:16: Warning: trimming empty <span>
    PolyhedronStateDmccooeyScraper.html:198:1: Warning: trimming empty <span>
    PolyhedronStateDmccooeyScraper.html:200:39: Warning: trimming empty <span>
    PolyhedronStateDmccooeyScraper.html:214:1: Warning: trimming empty <span>
    PolyhedronStateDmccooeyScraper.html:225:1: Warning: trimming empty <span>
    PolyhedronStateDmccooeyScraper.html:227:16: Warning: trimming empty <span>
    PolyhedronStateDmccooeyScraper.html:234:1: Warning: trimming empty <span>
    PolyhedronStateDmccooeyScraper.html:236:41: Warning: trimming empty <span>
    PolyhedronStateDmccooeyScraper.html:250:1: Warning: trimming empty <span>
    PolyhedronStateDmccooeyScraper.html:261:1: Warning: trimming empty <span>
    PolyhedronStateDmccooeyScraper.html:263:16: Warning: trimming empty <span>
    PolyhedronStateDmccooeyScraper.html:270:1: Warning: trimming empty <span>
    PolyhedronStateDmccooeyScraper.html:272:38: Warning: trimming empty <span>
    PolyhedronStateDmccooeyScraper.html:286:1: Warning: trimming empty <span>
    PolyhedronStateDmccooeyScraper.html:297:1: Warning: trimming empty <span>
    PolyhedronStateDmccooeyScraper.html:299:16: Warning: trimming empty <span>
    PolyhedronStateDmccooeyScraper.html:309:1: Warning: trimming empty <span>
    PolyhedronStateDmccooeyScraper.html:320:1: Warning: trimming empty <span>
    PolyhedronStateDmccooeyScraper.html:322:16: Warning: trimming empty <span>
    PolyhedronStateDmccooeyScraper.html:332:1: Warning: trimming empty <span>
    PolyhedronStateDmccooeyScraper.html:343:1: Warning: trimming empty <span>
    PolyhedronStateDmccooeyScraper.html:345:16: Warning: trimming empty <span>
    PolyhedronStateDmccooeyScraper.html:352:1: Warning: trimming empty <span>
    PolyhedronStateDmccooeyScraper.html:354:48: Warning: trimming empty <span>
    PolyhedronStateDmccooeyScraper.html:372:1: Warning: trimming empty <span>
    PolyhedronStateDmccooeyScraper.html:374:16: Warning: trimming empty <span>
    PolyhedronStateDmccooeyScraper.html:381:1: Warning: trimming empty <span>
    PolyhedronStateDmccooeyScraper.html:383:48: Warning: trimming empty <span>
    PolyhedronStateDmccooeyScraper.html:401:1: Warning: trimming empty <span>
    PolyhedronStateDmccooeyScraper.html:403:16: Warning: trimming empty <span>
    PolyhedronStateDmccooeyScraper.html:417:1: Warning: trimming empty <span>
    PolyhedronStateDmccooeyScraper.html:419:16: Warning: trimming empty <span>
    PolyhedronStateDmccooeyScraper.html:426:1: Warning: trimming empty <span>
    PolyhedronStateDmccooeyScraper.html:428:31: Warning: trimming empty <span>
    PolyhedronStateDmccooeyScraper.html:443:1: Warning: trimming empty <span>
    PolyhedronStateNetlibScraper.html:106:5: Warning: missing </span> before </li>
    PolyhedronStateNetlibScraper.html:107:5: Warning: inserting implicit <span>
    PolyhedronStateNetlibScraper.html:107:5: Warning: missing </span> before </li>
    PolyhedronStateNetlibScraper.html:108:5: Warning: inserting implicit <span>
    PolyhedronStateNetlibScraper.html:108:5: Warning: missing </span> before </li>
    PolyhedronStateNetlibScraper.html:113:1: Warning: inserting implicit <span>
    PolyhedronStateNetlibScraper.html:113:1: Warning: missing </span> before <h4>
    PolyhedronStateNetlibScraper.html:117:5: Warning: inserting implicit <span>
    PolyhedronStateNetlibScraper.html:119:4: Warning: inserting implicit <span>
    PolyhedronStateNetlibScraper.html:123:1: Warning: inserting implicit <span>
    PolyhedronStateNetlibScraper.html:123:1: Warning: missing </span> before <h5>
    PolyhedronStateNetlibScraper.html:123:5: Warning: inserting implicit <span>
    PolyhedronStateNetlibScraper.html:125:16: Warning: inserting implicit <span>
    PolyhedronStateNetlibScraper.html:125:16: Warning: missing </span> before <pre>
    PolyhedronStateNetlibScraper.html:129:5: Warning: inserting implicit <span>
    PolyhedronStateNetlibScraper.html:132:1: Warning: inserting implicit <span>
    PolyhedronStateNetlibScraper.html:132:1: Warning: missing </span> before <dl>
    PolyhedronStateNetlibScraper.html:134:5: Warning: inserting implicit <span>
    PolyhedronStateNetlibScraper.html:134:34: Warning: inserting implicit <span>
    PolyhedronStateNetlibScraper.html:134:34: Warning: missing </span> before <p>
    PolyhedronStateNetlibScraper.html:134:37: Warning: inserting implicit <span>
    PolyhedronStateNetlibScraper.html:136:5: Warning: inserting implicit <span>
    PolyhedronStateNetlibScraper.html:136:42: Warning: inserting implicit <span>
    PolyhedronStateNetlibScraper.html:136:42: Warning: missing </span> before <p>
    PolyhedronStateNetlibScraper.html:136:45: Warning: inserting implicit <span>
    PolyhedronStateNetlibScraper.html:144:5: Warning: inserting implicit <span>
    PolyhedronStateNetlibScraper.html:146:4: Warning: inserting implicit <span>
    PolyhedronStateNetlibScraper.html:150:1: Warning: inserting implicit <span>
    PolyhedronStateNetlibScraper.html:150:1: Warning: missing </span> before <hr>
    PolyhedronStateNetlibScraper.html:151:1: Warning: inserting implicit <span>
    PolyhedronStateNetlibScraper.html:151:1: Warning: missing </span> before <h4>
    PolyhedronStateNetlibScraper.html:155:5: Warning: inserting implicit <span>
    PolyhedronStateNetlibScraper.html:157:4: Warning: inserting implicit <span>
    PolyhedronStateNetlibScraper.html:162:1: Warning: inserting implicit <span>
    PolyhedronStateNetlibScraper.html:162:1: Warning: missing </span> before <h5>
    PolyhedronStateNetlibScraper.html:162:5: Warning: inserting implicit <span>
    PolyhedronStateNetlibScraper.html:164:16: Warning: inserting implicit <span>
    PolyhedronStateNetlibScraper.html:164:16: Warning: missing </span> before <pre>
    PolyhedronStateNetlibScraper.html:168:5: Warning: inserting implicit <span>
    PolyhedronStateNetlibScraper.html:171:1: Warning: inserting implicit <span>
    PolyhedronStateNetlibScraper.html:171:1: Warning: missing </span> before <dl>
    PolyhedronStateNetlibScraper.html:173:5: Warning: inserting implicit <span>
    PolyhedronStateNetlibScraper.html:173:39: Warning: inserting implicit <span>
    PolyhedronStateNetlibScraper.html:173:39: Warning: missing </span> before <p>
    PolyhedronStateNetlibScraper.html:173:42: Warning: inserting implicit <span>
    PolyhedronStateNetlibScraper.html:175:5: Warning: inserting implicit <span>
    PolyhedronStateNetlibScraper.html:175:41: Warning: inserting implicit <span>
    PolyhedronStateNetlibScraper.html:175:41: Warning: missing </span> before <p>
    PolyhedronStateNetlibScraper.html:175:44: Warning: inserting implicit <span>
    PolyhedronStateNetlibScraper.html:183:1: Warning: inserting implicit <span>
    PolyhedronStateNetlibScraper.html:183:1: Warning: missing </span> before <h4>
    PolyhedronStateNetlibScraper.html:187:5: Warning: inserting implicit <span>
    PolyhedronStateNetlibScraper.html:189:4: Warning: inserting implicit <span>
    PolyhedronStateNetlibScraper.html:193:1: Warning: inserting implicit <span>
    PolyhedronStateNetlibScraper.html:193:1: Warning: missing </span> before <h5>
    PolyhedronStateNetlibScraper.html:193:5: Warning: inserting implicit <span>
    PolyhedronStateNetlibScraper.html:195:16: Warning: inserting implicit <span>
    PolyhedronStateNetlibScraper.html:195:16: Warning: missing </span> before <pre>
    PolyhedronStateNetlibScraper.html:199:5: Warning: inserting implicit <span>
    PolyhedronStateNetlibScraper.html:201:4: Warning: inserting implicit <span>
    PolyhedronStateNetlibScraper.html:205:1: Warning: inserting implicit <span>
    PolyhedronStateNetlibScraper.html:205:1: Warning: missing </span> before <hr>
    PolyhedronStateNetlibScraper.html:206:1: Warning: inserting implicit <span>
    PolyhedronStateNetlibScraper.html:206:1: Warning: missing </span> before <h4>
    PolyhedronStateNetlibScraper.html:210:5: Warning: inserting implicit <span>
    PolyhedronStateNetlibScraper.html:212:4: Warning: inserting implicit <span>
    PolyhedronStateNetlibScraper.html:216:1: Warning: inserting implicit <span>
    PolyhedronStateNetlibScraper.html:216:1: Warning: missing </span> before <h5>
    PolyhedronStateNetlibScraper.html:216:5: Warning: inserting implicit <span>
    PolyhedronStateNetlibScraper.html:218:16: Warning: inserting implicit <span>
    PolyhedronStateNetlibScraper.html:218:16: Warning: missing </span> before <pre>
    PolyhedronStateNetlibScraper.html:222:5: Warning: inserting implicit <span>
    PolyhedronStateNetlibScraper.html:225:1: Warning: inserting implicit <span>
    PolyhedronStateNetlibScraper.html:225:1: Warning: missing </span> before <dl>
    PolyhedronStateNetlibScraper.html:227:5: Warning: inserting implicit <span>
    PolyhedronStateNetlibScraper.html:227:34: Warning: inserting implicit <span>
    PolyhedronStateNetlibScraper.html:227:34: Warning: missing </span> before <p>
    PolyhedronStateNetlibScraper.html:227:37: Warning: inserting implicit <span>
    PolyhedronStateNetlibScraper.html:229:5: Warning: inserting implicit <span>
    PolyhedronStateNetlibScraper.html:229:33: Warning: inserting implicit <span>
    PolyhedronStateNetlibScraper.html:229:33: Warning: missing </span> before <p>
    PolyhedronStateNetlibScraper.html:229:36: Warning: inserting implicit <span>
    PolyhedronStateNetlibScraper.html:237:5: Warning: inserting implicit <span>
    PolyhedronStateNetlibScraper.html:239:4: Warning: inserting implicit <span>
    PolyhedronStateNetlibScraper.html:243:1: Warning: inserting implicit <span>
    PolyhedronStateNetlibScraper.html:243:1: Warning: missing </span> before <hr>
    PolyhedronStateNetlibScraper.html:244:1: Warning: inserting implicit <span>
    PolyhedronStateNetlibScraper.html:244:1: Warning: missing </span> before <h4>
    PolyhedronStateNetlibScraper.html:248:5: Warning: inserting implicit <span>
    PolyhedronStateNetlibScraper.html:250:4: Warning: inserting implicit <span>
    PolyhedronStateNetlibScraper.html:254:1: Warning: inserting implicit <span>
    PolyhedronStateNetlibScraper.html:254:1: Warning: missing </span> before <h5>
    PolyhedronStateNetlibScraper.html:254:5: Warning: inserting implicit <span>
    PolyhedronStateNetlibScraper.html:256:16: Warning: inserting implicit <span>
    PolyhedronStateNetlibScraper.html:256:16: Warning: missing </span> before <pre>
    PolyhedronStateNetlibScraper.html:260:5: Warning: inserting implicit <span>
    PolyhedronStateNetlibScraper.html:263:1: Warning: inserting implicit <span>
    PolyhedronStateNetlibScraper.html:263:1: Warning: missing </span> before <dl>
    PolyhedronStateNetlibScraper.html:265:5: Warning: inserting implicit <span>
    PolyhedronStateNetlibScraper.html:265:28: Warning: inserting implicit <span>
    PolyhedronStateNetlibScraper.html:265:28: Warning: missing </span> before <p>
    PolyhedronStateNetlibScraper.html:265:31: Warning: inserting implicit <span>
    PolyhedronStateNetlibScraper.html:273:5: Warning: inserting implicit <span>
    PolyhedronStateNetlibScraper.html:275:4: Warning: inserting implicit <span>
    PolyhedronStateNetlibScraper.html:279:1: Warning: inserting implicit <span>
    PolyhedronStateNetlibScraper.html:279:1: Warning: missing </span> before <hr>
    PolyhedronStateNetlibScraper.html:280:1: Warning: inserting implicit <span>
    PolyhedronStateNetlibScraper.html:280:1: Warning: missing </span> before <h4>
    PolyhedronStateNetlibScraper.html:284:5: Warning: inserting implicit <span>
    PolyhedronStateNetlibScraper.html:286:4: Warning: inserting implicit <span>
    PolyhedronStateNetlibScraper.html:290:1: Warning: inserting implicit <span>
    PolyhedronStateNetlibScraper.html:290:1: Warning: missing </span> before <h5>
    PolyhedronStateNetlibScraper.html:290:5: Warning: inserting implicit <span>
    PolyhedronStateNetlibScraper.html:292:16: Warning: inserting implicit <span>
    PolyhedronStateNetlibScraper.html:292:16: Warning: missing </span> before <pre>
    PolyhedronStateNetlibScraper.html:296:5: Warning: inserting implicit <span>
    PolyhedronStateNetlibScraper.html:299:1: Warning: inserting implicit <span>
    PolyhedronStateNetlibScraper.html:299:1: Warning: missing </span> before <dl>
    PolyhedronStateNetlibScraper.html:301:5: Warning: inserting implicit <span>
    PolyhedronStateNetlibScraper.html:301:39: Warning: inserting implicit <span>
    PolyhedronStateNetlibScraper.html:301:39: Warning: missing </span> before <p>
    PolyhedronStateNetlibScraper.html:301:42: Warning: inserting implicit <span>
    PolyhedronStateNetlibScraper.html:309:5: Warning: inserting implicit <span>
    PolyhedronStateNetlibScraper.html:311:4: Warning: inserting implicit <span>
    PolyhedronStateNetlibScraper.html:315:1: Warning: inserting implicit <span>
    PolyhedronStateNetlibScraper.html:315:1: Warning: missing </span> before <hr>
    PolyhedronStateNetlibScraper.html:316:1: Warning: inserting implicit <span>
    PolyhedronStateNetlibScraper.html:316:1: Warning: missing </span> before <h4>
    PolyhedronStateNetlibScraper.html:320:5: Warning: inserting implicit <span>
    PolyhedronStateNetlibScraper.html:322:4: Warning: inserting implicit <span>
    PolyhedronStateNetlibScraper.html:326:1: Warning: inserting implicit <span>
    PolyhedronStateNetlibScraper.html:326:1: Warning: missing </span> before <h5>
    PolyhedronStateNetlibScraper.html:326:5: Warning: inserting implicit <span>
    PolyhedronStateNetlibScraper.html:328:16: Warning: inserting implicit <span>
    PolyhedronStateNetlibScraper.html:328:16: Warning: missing </span> before <pre>
    PolyhedronStateNetlibScraper.html:332:5: Warning: inserting implicit <span>
    PolyhedronStateNetlibScraper.html:335:1: Warning: inserting implicit <span>
    PolyhedronStateNetlibScraper.html:335:1: Warning: missing </span> before <dl>
    PolyhedronStateNetlibScraper.html:337:5: Warning: inserting implicit <span>
    PolyhedronStateNetlibScraper.html:337:39: Warning: inserting implicit <span>
    PolyhedronStateNetlibScraper.html:337:39: Warning: missing </span> before <p>
    PolyhedronStateNetlibScraper.html:337:42: Warning: inserting implicit <span>
    PolyhedronStateNetlibScraper.html:345:5: Warning: inserting implicit <span>
    PolyhedronStateNetlibScraper.html:347:4: Warning: inserting implicit <span>
    PolyhedronStateNetlibScraper.html:351:1: Warning: inserting implicit <span>
    PolyhedronStateNetlibScraper.html:351:1: Warning: missing </span> before <hr>
    PolyhedronStateNetlibScraper.html:352:1: Warning: inserting implicit <span>
    PolyhedronStateNetlibScraper.html:352:1: Warning: missing </span> before <h4>
    PolyhedronStateNetlibScraper.html:356:5: Warning: inserting implicit <span>
    PolyhedronStateNetlibScraper.html:358:4: Warning: inserting implicit <span>
    PolyhedronStateNetlibScraper.html:362:1: Warning: inserting implicit <span>
    PolyhedronStateNetlibScraper.html:362:1: Warning: missing </span> before <h5>
    PolyhedronStateNetlibScraper.html:362:5: Warning: inserting implicit <span>
    PolyhedronStateNetlibScraper.html:364:16: Warning: inserting implicit <span>
    PolyhedronStateNetlibScraper.html:364:16: Warning: missing </span> before <pre>
    PolyhedronStateNetlibScraper.html:368:5: Warning: inserting implicit <span>
    PolyhedronStateNetlibScraper.html:371:1: Warning: inserting implicit <span>
    PolyhedronStateNetlibScraper.html:371:1: Warning: missing </span> before <dl>
    PolyhedronStateNetlibScraper.html:373:5: Warning: inserting implicit <span>
    PolyhedronStateNetlibScraper.html:373:32: Warning: inserting implicit <span>
    PolyhedronStateNetlibScraper.html:373:32: Warning: missing </span> before <p>
    PolyhedronStateNetlibScraper.html:373:35: Warning: inserting implicit <span>
    PolyhedronStateNetlibScraper.html:381:5: Warning: inserting implicit <span>
    PolyhedronStateNetlibScraper.html:383:4: Warning: inserting implicit <span>
    PolyhedronStateNetlibScraper.html:387:1: Warning: inserting implicit <span>
    PolyhedronStateNetlibScraper.html:387:1: Warning: missing </span> before <hr>
    PolyhedronStateNetlibScraper.html:388:1: Warning: inserting implicit <span>
    PolyhedronStateNetlibScraper.html:388:1: Warning: missing </span> before <h4>
    PolyhedronStateNetlibScraper.html:392:5: Warning: inserting implicit <span>
    PolyhedronStateNetlibScraper.html:394:4: Warning: inserting implicit <span>
    PolyhedronStateNetlibScraper.html:398:1: Warning: inserting implicit <span>
    PolyhedronStateNetlibScraper.html:398:1: Warning: missing </span> before <h5>
    PolyhedronStateNetlibScraper.html:398:5: Warning: inserting implicit <span>
    PolyhedronStateNetlibScraper.html:400:16: Warning: inserting implicit <span>
    PolyhedronStateNetlibScraper.html:400:16: Warning: missing </span> before <pre>
    PolyhedronStateNetlibScraper.html:404:5: Warning: inserting implicit <span>
    PolyhedronStateNetlibScraper.html:406:4: Warning: inserting implicit <span>
    PolyhedronStateNetlibScraper.html:410:1: Warning: inserting implicit <span>
    PolyhedronStateNetlibScraper.html:410:1: Warning: missing </span> before <hr>
    PolyhedronStateNetlibScraper.html:411:1: Warning: inserting implicit <span>
    PolyhedronStateNetlibScraper.html:411:1: Warning: missing </span> before <h4>
    PolyhedronStateNetlibScraper.html:415:5: Warning: inserting implicit <span>
    PolyhedronStateNetlibScraper.html:417:4: Warning: inserting implicit <span>
    PolyhedronStateNetlibScraper.html:421:1: Warning: inserting implicit <span>
    PolyhedronStateNetlibScraper.html:421:1: Warning: missing </span> before <h5>
    PolyhedronStateNetlibScraper.html:421:5: Warning: inserting implicit <span>
    PolyhedronStateNetlibScraper.html:423:16: Warning: inserting implicit <span>
    PolyhedronStateNetlibScraper.html:423:16: Warning: missing </span> before <pre>
    PolyhedronStateNetlibScraper.html:427:5: Warning: inserting implicit <span>
    PolyhedronStateNetlibScraper.html:429:4: Warning: inserting implicit <span>
    PolyhedronStateNetlibScraper.html:433:1: Warning: inserting implicit <span>
    PolyhedronStateNetlibScraper.html:433:1: Warning: missing </span> before <hr>
    PolyhedronStateNetlibScraper.html:434:1: Warning: inserting implicit <span>
    PolyhedronStateNetlibScraper.html:434:1: Warning: missing </span> before <h4>
    PolyhedronStateNetlibScraper.html:438:5: Warning: inserting implicit <span>
    PolyhedronStateNetlibScraper.html:440:4: Warning: inserting implicit <span>
    PolyhedronStateNetlibScraper.html:444:1: Warning: inserting implicit <span>
    PolyhedronStateNetlibScraper.html:444:1: Warning: missing </span> before <h5>
    PolyhedronStateNetlibScraper.html:444:5: Warning: inserting implicit <span>
    PolyhedronStateNetlibScraper.html:446:16: Warning: inserting implicit <span>
    PolyhedronStateNetlibScraper.html:446:16: Warning: missing </span> before <pre>
    PolyhedronStateNetlibScraper.html:450:5: Warning: inserting implicit <span>
    PolyhedronStateNetlibScraper.html:453:1: Warning: inserting implicit <span>
    PolyhedronStateNetlibScraper.html:453:1: Warning: missing </span> before <dl>
    PolyhedronStateNetlibScraper.html:455:5: Warning: inserting implicit <span>
    PolyhedronStateNetlibScraper.html:455:48: Warning: inserting implicit <span>
    PolyhedronStateNetlibScraper.html:455:48: Warning: missing </span> before <p>
    PolyhedronStateNetlibScraper.html:455:51: Warning: inserting implicit <span>
    PolyhedronStateNetlibScraper.html:463:1: Warning: inserting implicit <span>
    PolyhedronStateNetlibScraper.html:463:1: Warning: missing </span> before <h4>
    PolyhedronStateNetlibScraper.html:467:5: Warning: inserting implicit <span>
    PolyhedronStateNetlibScraper.html:469:4: Warning: inserting implicit <span>
    PolyhedronStateNetlibScraper.html:473:1: Warning: inserting implicit <span>
    PolyhedronStateNetlibScraper.html:473:1: Warning: missing </span> before <h5>
    PolyhedronStateNetlibScraper.html:473:5: Warning: inserting implicit <span>
    PolyhedronStateNetlibScraper.html:475:16: Warning: inserting implicit <span>
    PolyhedronStateNetlibScraper.html:475:16: Warning: missing </span> before <pre>
    PolyhedronStateNetlibScraper.html:479:5: Warning: inserting implicit <span>
    PolyhedronStateNetlibScraper.html:482:1: Warning: inserting implicit <span>
    PolyhedronStateNetlibScraper.html:482:1: Warning: missing </span> before <dl>
    PolyhedronStateNetlibScraper.html:484:5: Warning: inserting implicit <span>
    PolyhedronStateNetlibScraper.html:484:48: Warning: inserting implicit <span>
    PolyhedronStateNetlibScraper.html:484:48: Warning: missing </span> before <p>
    PolyhedronStateNetlibScraper.html:484:51: Warning: inserting implicit <span>
    PolyhedronStateNetlibScraper.html:492:1: Warning: inserting implicit <span>
    PolyhedronStateNetlibScraper.html:492:1: Warning: missing </span> before <h4>
    PolyhedronStateNetlibScraper.html:496:5: Warning: inserting implicit <span>
    PolyhedronStateNetlibScraper.html:498:4: Warning: inserting implicit <span>
    PolyhedronStateNetlibScraper.html:502:1: Warning: inserting implicit <span>
    PolyhedronStateNetlibScraper.html:502:1: Warning: missing </span> before <h5>
    PolyhedronStateNetlibScraper.html:502:5: Warning: inserting implicit <span>
    PolyhedronStateNetlibScraper.html:504:16: Warning: inserting implicit <span>
    PolyhedronStateNetlibScraper.html:504:16: Warning: missing </span> before <pre>
    PolyhedronStateNetlibScraper.html:508:1: Warning: inserting implicit <span>
    PolyhedronStateNetlibScraper.html:508:1: Warning: missing </span> before <h4>
    PolyhedronStateNetlibScraper.html:512:5: Warning: inserting implicit <span>
    PolyhedronStateNetlibScraper.html:514:4: Warning: inserting implicit <span>
    PolyhedronStateNetlibScraper.html:518:1: Warning: inserting implicit <span>
    PolyhedronStateNetlibScraper.html:518:1: Warning: missing </span> before <h5>
    PolyhedronStateNetlibScraper.html:518:5: Warning: inserting implicit <span>
    PolyhedronStateNetlibScraper.html:520:16: Warning: inserting implicit <span>
    PolyhedronStateNetlibScraper.html:520:16: Warning: missing </span> before <pre>
    PolyhedronStateNetlibScraper.html:524:5: Warning: inserting implicit <span>
    PolyhedronStateNetlibScraper.html:527:1: Warning: inserting implicit <span>
    PolyhedronStateNetlibScraper.html:527:1: Warning: missing </span> before <dl>
    PolyhedronStateNetlibScraper.html:529:5: Warning: inserting implicit <span>
    PolyhedronStateNetlibScraper.html:529:31: Warning: inserting implicit <span>
    PolyhedronStateNetlibScraper.html:529:31: Warning: missing </span> before <p>
    PolyhedronStateNetlibScraper.html:529:34: Warning: inserting implicit <span>
    PolyhedronStateNetlibScraper.html:538:5: Warning: inserting implicit <span>
    PolyhedronStateNetlibScraper.html:540:4: Warning: inserting implicit <span>
    PolyhedronStateNetlibScraper.html:544:1: Warning: inserting implicit <span>
    PolyhedronStateNetlibScraper.html:123:1: Warning: trimming empty <span>
    PolyhedronStateNetlibScraper.html:125:16: Warning: trimming empty <span>
    PolyhedronStateNetlibScraper.html:132:1: Warning: trimming empty <span>
    PolyhedronStateNetlibScraper.html:134:34: Warning: trimming empty <span>
    PolyhedronStateNetlibScraper.html:136:42: Warning: trimming empty <span>
    PolyhedronStateNetlibScraper.html:150:1: Warning: trimming empty <span>
    PolyhedronStateNetlibScraper.html:162:1: Warning: trimming empty <span>
    PolyhedronStateNetlibScraper.html:164:16: Warning: trimming empty <span>
    PolyhedronStateNetlibScraper.html:171:1: Warning: trimming empty <span>
    PolyhedronStateNetlibScraper.html:173:39: Warning: trimming empty <span>
    PolyhedronStateNetlibScraper.html:175:41: Warning: trimming empty <span>
    PolyhedronStateNetlibScraper.html:193:1: Warning: trimming empty <span>
    PolyhedronStateNetlibScraper.html:195:16: Warning: trimming empty <span>
    PolyhedronStateNetlibScraper.html:205:1: Warning: trimming empty <span>
    PolyhedronStateNetlibScraper.html:216:1: Warning: trimming empty <span>
    PolyhedronStateNetlibScraper.html:218:16: Warning: trimming empty <span>
    PolyhedronStateNetlibScraper.html:225:1: Warning: trimming empty <span>
    PolyhedronStateNetlibScraper.html:227:34: Warning: trimming empty <span>
    PolyhedronStateNetlibScraper.html:229:33: Warning: trimming empty <span>
    PolyhedronStateNetlibScraper.html:243:1: Warning: trimming empty <span>
    PolyhedronStateNetlibScraper.html:254:1: Warning: trimming empty <span>
    PolyhedronStateNetlibScraper.html:256:16: Warning: trimming empty <span>
    PolyhedronStateNetlibScraper.html:263:1: Warning: trimming empty <span>
    PolyhedronStateNetlibScraper.html:265:28: Warning: trimming empty <span>
    PolyhedronStateNetlibScraper.html:279:1: Warning: trimming empty <span>
    PolyhedronStateNetlibScraper.html:290:1: Warning: trimming empty <span>
    PolyhedronStateNetlibScraper.html:292:16: Warning: trimming empty <span>
    PolyhedronStateNetlibScraper.html:299:1: Warning: trimming empty <span>
    PolyhedronStateNetlibScraper.html:301:39: Warning: trimming empty <span>
    PolyhedronStateNetlibScraper.html:315:1: Warning: trimming empty <span>
    PolyhedronStateNetlibScraper.html:326:1: Warning: trimming empty <span>
    PolyhedronStateNetlibScraper.html:328:16: Warning: trimming empty <span>
    PolyhedronStateNetlibScraper.html:335:1: Warning: trimming empty <span>
    PolyhedronStateNetlibScraper.html:337:39: Warning: trimming empty <span>
    PolyhedronStateNetlibScraper.html:351:1: Warning: trimming empty <span>
    PolyhedronStateNetlibScraper.html:362:1: Warning: trimming empty <span>
    PolyhedronStateNetlibScraper.html:364:16: Warning: trimming empty <span>
    PolyhedronStateNetlibScraper.html:371:1: Warning: trimming empty <span>
    PolyhedronStateNetlibScraper.html:373:32: Warning: trimming empty <span>
    PolyhedronStateNetlibScraper.html:387:1: Warning: trimming empty <span>
    PolyhedronStateNetlibScraper.html:398:1: Warning: trimming empty <span>
    PolyhedronStateNetlibScraper.html:400:16: Warning: trimming empty <span>
    PolyhedronStateNetlibScraper.html:410:1: Warning: trimming empty <span>
    PolyhedronStateNetlibScraper.html:421:1: Warning: trimming empty <span>
    PolyhedronStateNetlibScraper.html:423:16: Warning: trimming empty <span>
    PolyhedronStateNetlibScraper.html:433:1: Warning: trimming empty <span>
    PolyhedronStateNetlibScraper.html:444:1: Warning: trimming empty <span>
    PolyhedronStateNetlibScraper.html:446:16: Warning: trimming empty <span>
    PolyhedronStateNetlibScraper.html:453:1: Warning: trimming empty <span>
    PolyhedronStateNetlibScraper.html:455:48: Warning: trimming empty <span>
    PolyhedronStateNetlibScraper.html:473:1: Warning: trimming empty <span>
    PolyhedronStateNetlibScraper.html:475:16: Warning: trimming empty <span>
    PolyhedronStateNetlibScraper.html:482:1: Warning: trimming empty <span>
    PolyhedronStateNetlibScraper.html:484:48: Warning: trimming empty <span>
    PolyhedronStateNetlibScraper.html:502:1: Warning: trimming empty <span>
    PolyhedronStateNetlibScraper.html:504:16: Warning: trimming empty <span>
    PolyhedronStateNetlibScraper.html:518:1: Warning: trimming empty <span>
    PolyhedronStateNetlibScraper.html:520:16: Warning: trimming empty <span>
    PolyhedronStateNetlibScraper.html:527:1: Warning: trimming empty <span>
    PolyhedronStateNetlibScraper.html:529:31: Warning: trimming empty <span>
    PolyhedronStateNetlibScraper.html:544:1: Warning: trimming empty <span>
Flavors: r-devel-linux-x86_64-debian-clang, r-devel-linux-x86_64-debian-gcc, r-devel-linux-x86_64-fedora-gcc