CRAN Package Check Results for Package RobRSVD

Last updated on 2022-01-21 16:51:05 CET.

Flavor Version Tinstall Tcheck Ttotal Status Flags
r-devel-linux-x86_64-debian-clang 1.0 2.44 41.64 44.08 NOTE
r-devel-linux-x86_64-debian-gcc 1.0 1.84 33.37 35.21 NOTE
r-devel-linux-x86_64-fedora-clang 1.0 53.56 NOTE
r-devel-linux-x86_64-fedora-gcc 1.0 43.14 NOTE
r-devel-windows-x86_64-new-UL 1.0 15.00 57.00 72.00 NOTE
r-devel-windows-x86_64-new-TK 1.0 NOTE
r-patched-linux-x86_64 1.0 2.16 40.35 42.51 NOTE
r-release-linux-x86_64 1.0 2.07 40.61 42.68 NOTE
r-release-macos-arm64 1.0 NOTE
r-release-macos-x86_64 1.0 NOTE
r-release-windows-ix86+x86_64 1.0 5.00 49.00 54.00 NOTE
r-oldrel-macos-x86_64 1.0 NOTE
r-oldrel-windows-ix86+x86_64 1.0 4.00 45.00 49.00 NOTE

Check Details

Version: 1.0
Check: R code for possible problems
Result: NOTE
    RobRSVD: no visible global function definition for 'median'
    Undefined global functions or variables:
     median
    Consider adding
     importFrom("stats", "median")
    to your NAMESPACE file.
Flavors: r-devel-linux-x86_64-debian-clang, r-devel-linux-x86_64-debian-gcc, r-devel-linux-x86_64-fedora-clang, r-devel-linux-x86_64-fedora-gcc, r-devel-windows-x86_64-new-UL, r-devel-windows-x86_64-new-TK, r-patched-linux-x86_64, r-release-linux-x86_64, r-release-macos-arm64, r-release-macos-x86_64, r-release-windows-ix86+x86_64, r-oldrel-macos-x86_64, r-oldrel-windows-ix86+x86_64

Version: 1.0
Check: Rd cross-references
Result: NOTE
    Undeclared package ‘svdvisual’ in Rd xrefs
Flavor: r-devel-linux-x86_64-fedora-clang