CRAN Package Check Results for Package RobLoxBioC

Last updated on 2022-01-16 15:48:39 CET.

Flavor Version Tinstall Tcheck Ttotal Status Flags
r-devel-linux-x86_64-debian-clang 1.2.0 34.18 303.03 337.21 OK
r-devel-linux-x86_64-debian-gcc 1.2.0 32.67 246.83 279.50 OK
r-devel-linux-x86_64-fedora-clang 1.2.0 404.67 NOTE
r-devel-linux-x86_64-fedora-gcc 1.2.0 391.95 OK
r-devel-windows-x86_64-new-UL 1.2.0 37.00 289.00 326.00 OK
r-devel-windows-x86_64-new-TK 1.2.0 OK
r-patched-linux-x86_64 1.2.0 33.75 285.86 319.61 OK
r-release-linux-x86_64 1.2.0 OK
r-release-macos-arm64 1.2.0 NOTE
r-release-macos-x86_64 1.2.0 ERROR
r-release-windows-ix86+x86_64 1.2.0 73.00 311.00 384.00 OK
r-oldrel-macos-x86_64 1.2.0 NOTE
r-oldrel-windows-ix86+x86_64 1.2.0 71.00 291.00 362.00 OK

Check Details

Version: 1.2.0
Check: Rd cross-references
Result: NOTE
    Undeclared package ‘distrEx’ in Rd xrefs
Flavor: r-devel-linux-x86_64-fedora-clang

Version: 1.2.0
Check: package dependencies
Result: NOTE
    Package suggested but not available for checking: ‘illuminaHumanv3.db’
Flavor: r-release-macos-arm64

Version: 1.2.0
Check: package dependencies
Result: NOTE
    Packages suggested but not available for checking:
     'affydata', 'hgu95av2cdf', 'beadarrayExampleData',
     'illuminaHumanv3.db'
Flavors: r-release-macos-x86_64, r-oldrel-macos-x86_64

Version: 1.2.0
Check: whether package can be installed
Result: ERROR
    Installation failed.
Flavor: r-release-macos-x86_64