CRAN Package Check Results for Package Rmalschains

Last updated on 2022-01-29 03:59:34 CET.

Flavor Version Tinstall Tcheck Ttotal Status Flags
r-devel-linux-x86_64-debian-clang 0.2-6 118.09 39.09 157.18 OK
r-devel-linux-x86_64-debian-gcc 0.2-6 82.69 29.65 112.34 OK
r-devel-linux-x86_64-fedora-clang 0.2-6 265.31 NOTE
r-devel-linux-x86_64-fedora-gcc 0.2-6 186.93 OK
r-devel-windows-x86_64-new-UL 0.2-6 207.00 101.00 308.00 OK
r-devel-windows-x86_64-new-TK 0.2-6 OK
r-patched-linux-x86_64 0.2-6 98.52 36.37 134.89 OK
r-release-linux-x86_64 0.2-6 97.81 35.96 133.77 OK
r-release-macos-arm64 0.2-6 NOTE
r-release-macos-x86_64 0.2-6 NOTE
r-release-windows-ix86+x86_64 0.2-6 307.00 82.00 389.00 OK
r-oldrel-macos-x86_64 0.2-6 NOTE
r-oldrel-windows-ix86+x86_64 0.2-6 308.00 85.00 393.00 OK

Check Details

Version: 0.2-6
Check: installed package size
Result: NOTE
     installed size is 7.0Mb
     sub-directories of 1Mb or more:
     libs 6.9Mb
Flavors: r-devel-linux-x86_64-fedora-clang, r-release-macos-arm64, r-release-macos-x86_64, r-oldrel-macos-x86_64