CRAN Package Check Results for Package Rlgt

Last updated on 2022-06-25 03:51:08 CEST.

Flavor Version Tinstall Tcheck Ttotal Status Flags
r-devel-linux-x86_64-debian-clang 0.1-4 388.50 147.78 536.28 NOTE
r-devel-linux-x86_64-debian-gcc 0.1-4 340.15 124.49 464.64 NOTE
r-devel-linux-x86_64-fedora-clang 0.1-4 741.34 NOTE
r-devel-linux-x86_64-fedora-gcc 0.1-4 770.66 NOTE
r-devel-windows-x86_64 0.1-4 236.00 226.00 462.00 NOTE
r-patched-linux-x86_64 0.1-4 265.51 159.48 424.99 NOTE
r-release-linux-x86_64 0.1-4 282.64 156.35 438.99 NOTE
r-release-macos-arm64 0.1-4 210.00 NOTE
r-release-macos-x86_64 0.1-4 266.00 NOTE
r-release-windows-x86_64 0.1-4 251.00 222.00 473.00 NOTE
r-oldrel-macos-arm64 0.1-4 200.00 NOTE
r-oldrel-macos-x86_64 0.1-4 273.00 NOTE
r-oldrel-windows-ix86+x86_64 0.1-4 431.00 197.00 628.00 NOTE

Check Details

Version: 0.1-4
Check: for GNU extensions in Makefiles
Result: NOTE
    GNU make is a SystemRequirements.
Flavors: r-devel-linux-x86_64-debian-clang, r-devel-linux-x86_64-debian-gcc, r-devel-linux-x86_64-fedora-clang, r-devel-linux-x86_64-fedora-gcc, r-devel-windows-x86_64, r-patched-linux-x86_64, r-release-linux-x86_64, r-release-macos-arm64, r-release-macos-x86_64, r-release-windows-x86_64, r-oldrel-macos-arm64, r-oldrel-macos-x86_64, r-oldrel-windows-ix86+x86_64

Version: 0.1-4
Check: installed package size
Result: NOTE
     installed size is 42.4Mb
     sub-directories of 1Mb or more:
     libs 41.8Mb
Flavors: r-devel-linux-x86_64-fedora-clang, r-release-macos-arm64, r-release-macos-x86_64, r-oldrel-macos-arm64, r-oldrel-macos-x86_64