CRAN Package Check Results for Package RiverLoad

Last updated on 2022-06-29 15:50:03 CEST.

Flavor Version Tinstall Tcheck Ttotal Status Flags
r-devel-linux-x86_64-debian-clang 1.0.3 12.97 94.80 107.77 OK
r-devel-linux-x86_64-debian-gcc 1.0.3 9.63 70.13 79.76 OK
r-devel-linux-x86_64-fedora-clang 1.0.3 134.50 OK
r-devel-linux-x86_64-fedora-gcc 1.0.3 134.06 OK
r-devel-windows-x86_64 1.0.3 41.00 115.00 156.00 OK
r-patched-linux-x86_64 1.0.3 9.71 89.40 99.11 OK
r-release-linux-x86_64 1.0.3 7.90 87.46 95.36 OK
r-release-macos-arm64 1.0.3 34.00 OK
r-release-macos-x86_64 1.0.3 61.00 ERROR
r-release-windows-x86_64 1.0.3 28.00 118.00 146.00 OK
r-oldrel-macos-arm64 1.0.3 39.00 OK
r-oldrel-macos-x86_64 1.0.3 50.00 ERROR
r-oldrel-windows-ix86+x86_64 1.0.3 26.00 117.00 143.00 OK

Check Details

Version: 1.0.3
Check: examples
Result: ERROR
    Running examples in ‘RiverLoad-Ex.R’ failed
    The error most likely occurred in:
    
    > ### Name: method4
    > ### Title: Load estimation with time-weighted concentration method
    > ### Aliases: method4
    > ### Keywords: univ
    >
    > ### ** Examples
    >
    > data("flow.data1", "conc.data1")
    > union<-db.union(flow.data1, conc.data1)
    > met4<-method4(union, 2)
    > met4.month<-method4(union, 2, "month")
    Error in x[[jj]][iseq] <- vjj : replacement has length zero
    Calls: method4 -> [<- -> [<-.data.frame
    Execution halted
Flavors: r-release-macos-x86_64, r-oldrel-macos-x86_64