CRAN Package Check Results for Package Ritc

Last updated on 2024-04-14 15:50:26 CEST.

Flavor Version Tinstall Tcheck Ttotal Status Flags
r-devel-linux-x86_64-debian-clang 1.0.2 2.45 25.08 27.53 NOTE
r-devel-linux-x86_64-debian-gcc 1.0.2 1.62 19.62 21.24 NOTE
r-devel-linux-x86_64-fedora-clang 1.0.2 34.46 NOTE
r-devel-linux-x86_64-fedora-gcc 1.0.2 33.42 NOTE
r-devel-windows-x86_64 1.0.2 3.00 48.00 51.00 OK
r-patched-linux-x86_64 1.0.2 3.65 24.55 28.20 NOTE
r-release-linux-x86_64 1.0.2 2.01 23.49 25.50 NOTE
r-release-macos-arm64 1.0.2 16.00 OK
r-release-macos-x86_64 1.0.2 21.00 OK
r-release-windows-x86_64 1.0.2 3.00 46.00 49.00 OK
r-oldrel-macos-arm64 1.0.2 16.00 OK
r-oldrel-windows-x86_64 1.0.2 4.00 49.00 53.00 OK

Check Details

Version: 1.0.2
Check: for non-standard things in the check directory
Result: NOTE Found the following files/directories: ‘B110711CD4.CSV’ ‘inputparam2.txt’ ‘itcout0.pdf’ ‘itcout1.eps’ ‘origin_data.csv’ Flavors: r-devel-linux-x86_64-debian-clang, r-devel-linux-x86_64-debian-gcc, r-devel-linux-x86_64-fedora-clang, r-devel-linux-x86_64-fedora-gcc, r-patched-linux-x86_64, r-release-linux-x86_64