CRAN Package Check Results for Package RiemBase

Last updated on 2022-06-28 15:53:26 CEST.

Flavor Version Tinstall Tcheck Ttotal Status Flags
r-devel-linux-x86_64-debian-clang 0.2.5 58.69 33.58 92.27 OK
r-devel-linux-x86_64-debian-gcc 0.2.5 43.66 25.81 69.47 OK
r-devel-linux-x86_64-fedora-clang 0.2.5 136.03 OK
r-devel-linux-x86_64-fedora-gcc 0.2.5 125.54 OK
r-devel-windows-x86_64 0.2.5 61.00 81.00 142.00 OK
r-patched-linux-x86_64 0.2.5 41.61 32.84 74.45 OK
r-release-linux-x86_64 0.2.5 47.67 32.67 80.34 OK
r-release-macos-arm64 0.2.5 35.00 NOTE
r-release-macos-x86_64 0.2.5 44.00 NOTE
r-release-windows-x86_64 0.2.5 57.00 81.00 138.00 OK
r-oldrel-macos-arm64 0.2.5 42.00 NOTE
r-oldrel-macos-x86_64 0.2.5 48.00 NOTE
r-oldrel-windows-ix86+x86_64 0.2.5 124.00 85.00 209.00 OK

Check Details

Version: 0.2.5
Check: installed package size
Result: NOTE
     installed size is 5.5Mb
     sub-directories of 1Mb or more:
     libs 5.3Mb
Flavors: r-release-macos-arm64, r-release-macos-x86_64, r-oldrel-macos-arm64, r-oldrel-macos-x86_64