Last updated on 2023-06-10 03:56:33 CEST.
Flavor | Version | Tinstall | Tcheck | Ttotal | Status | Flags |
---|---|---|---|---|---|---|
r-devel-linux-x86_64-debian-clang | 0.2.5 | 55.49 | 32.69 | 88.18 | NOTE | |
r-devel-linux-x86_64-debian-gcc | 0.2.5 | 46.23 | 25.88 | 72.11 | NOTE | |
r-devel-linux-x86_64-fedora-clang | 0.2.5 | 121.56 | NOTE | |||
r-devel-linux-x86_64-fedora-gcc | 0.2.5 | 124.56 | NOTE | |||
r-devel-windows-x86_64 | 0.2.5 | 43.00 | 71.00 | 114.00 | NOTE | |
r-patched-linux-x86_64 | 0.2.5 | 45.88 | 31.90 | 77.78 | NOTE | |
r-release-linux-x86_64 | 0.2.5 | 38.19 | 32.32 | 70.51 | NOTE | |
r-release-macos-arm64 | 0.2.5 | 36.00 | NOTE | |||
r-release-macos-x86_64 | 0.2.5 | 59.00 | NOTE | |||
r-release-windows-x86_64 | 0.2.5 | 54.00 | 78.00 | 132.00 | NOTE | |
r-oldrel-macos-arm64 | 0.2.5 | 35.00 | NOTE | |||
r-oldrel-macos-x86_64 | 0.2.5 | 44.00 | NOTE | |||
r-oldrel-windows-x86_64 | 0.2.5 | 51.00 | 75.00 | 126.00 | OK |
Version: 0.2.5
Check: C++ specification
Result: NOTE
Specified C++11: please drop specification unless essential
Flavors: r-devel-linux-x86_64-debian-clang, r-devel-linux-x86_64-debian-gcc, r-devel-linux-x86_64-fedora-clang, r-devel-linux-x86_64-fedora-gcc, r-devel-windows-x86_64, r-patched-linux-x86_64, r-release-linux-x86_64, r-release-macos-arm64, r-release-macos-x86_64, r-release-windows-x86_64
Version: 0.2.5
Check: installed package size
Result: NOTE
installed size is 5.8Mb
sub-directories of 1Mb or more:
libs 5.6Mb
Flavors: r-release-macos-arm64, r-release-macos-x86_64, r-oldrel-macos-arm64, r-oldrel-macos-x86_64