CRAN Package Check Results for Package Rgff

Last updated on 2022-09-26 03:56:16 CEST.

Flavor Version Tinstall Tcheck Ttotal Status Flags
r-devel-linux-x86_64-debian-clang 0.1.4 6.05 94.50 100.55 OK
r-devel-linux-x86_64-debian-gcc 0.1.5 4.41 69.12 73.53 OK
r-devel-linux-x86_64-fedora-clang 0.1.5 127.58 NOTE
r-devel-linux-x86_64-fedora-gcc 0.1.5 124.72 NOTE
r-devel-windows-x86_64 0.1.3 21.00 141.00 162.00 OK
r-patched-linux-x86_64 0.1.5 3.48 87.93 91.41 OK
r-release-linux-x86_64 0.1.4 3.67 83.61 87.28 OK
r-release-macos-arm64 0.1.5 42.00 NOTE
r-release-macos-x86_64 0.1.5 55.00 NOTE
r-release-windows-x86_64 0.1.5 25.00 412.00 437.00 OK
r-oldrel-macos-arm64 0.1.5 41.00 NOTE
r-oldrel-macos-x86_64 0.1.5 56.00 NOTE
r-oldrel-windows-ix86+x86_64 0.1.4 17.00 120.00 137.00 OK

Check Details

Version: 0.1.5
Check: dependencies in R code
Result: NOTE
    Namespace in Imports field not imported from: ‘tidyr’
     All declared Imports should be used.
Flavors: r-devel-linux-x86_64-fedora-clang, r-devel-linux-x86_64-fedora-gcc, r-release-macos-arm64, r-release-macos-x86_64, r-oldrel-macos-arm64, r-oldrel-macos-x86_64