CRAN Package Check Results for Package Revticulate

Last updated on 2022-05-24 03:55:20 CEST.

Flavor Version Tinstall Tcheck Ttotal Status Flags
r-devel-linux-x86_64-debian-clang 1.0.0 4.03 43.29 47.32 NOTE
r-devel-linux-x86_64-debian-gcc 1.0.0 3.05 34.23 37.28 NOTE
r-devel-linux-x86_64-fedora-clang 1.0.0 58.19 NOTE
r-devel-linux-x86_64-fedora-gcc 1.0.0 56.26 NOTE
r-devel-windows-x86_64 1.0.0 29.00 64.00 93.00 OK
r-patched-linux-x86_64 1.0.0 3.86 42.37 46.23 NOTE
r-release-linux-x86_64 1.0.0 NOTE
r-release-macos-arm64 1.0.0 16.00 NOTE
r-release-macos-x86_64 1.0.0 35.00 NOTE
r-release-windows-x86_64 1.0.0 20.00 68.00 88.00 OK
r-oldrel-macos-arm64 1.0.0 18.00 OK
r-oldrel-macos-x86_64 1.0.0 26.00 OK
r-oldrel-windows-ix86+x86_64 1.0.0 11.00 56.00 67.00 OK

Check Details

Version: 1.0.0
Check: package dependencies
Result: NOTE
    Package suggested but not available for checking: 'RevGadgets'
Flavors: r-devel-linux-x86_64-debian-clang, r-devel-linux-x86_64-debian-gcc, r-devel-linux-x86_64-fedora-clang, r-devel-linux-x86_64-fedora-gcc, r-patched-linux-x86_64, r-release-linux-x86_64, r-release-macos-arm64, r-release-macos-x86_64