CRAN Package Check Results for Package ResearchAssociate

Last updated on 2022-06-27 03:51:22 CEST.

Flavor Version Tinstall Tcheck Ttotal Status Flags
r-devel-linux-x86_64-debian-clang 1.0.1 6.57 63.61 70.18 NOTE
r-devel-linux-x86_64-debian-gcc 1.0.1 4.74 47.39 52.13 NOTE
r-devel-linux-x86_64-fedora-clang 1.0.1 90.50 NOTE
r-devel-linux-x86_64-fedora-gcc 1.0.1 89.99 NOTE
r-devel-windows-x86_64 1.0.1 38.00 98.00 136.00 NOTE
r-patched-linux-x86_64 1.0.1 5.49 59.98 65.47 NOTE
r-release-linux-x86_64 1.0.1 6.21 59.02 65.23 NOTE
r-release-macos-arm64 1.0.1 41.00 NOTE
r-release-macos-x86_64 1.0.1 64.00 NOTE
r-release-windows-x86_64 1.0.1 39.00 99.00 138.00 NOTE
r-oldrel-macos-arm64 1.0.1 35.00 NOTE
r-oldrel-macos-x86_64 1.0.1 50.00 NOTE
r-oldrel-windows-ix86+x86_64 1.0.1 17.00 93.00 110.00 NOTE

Check Details

Version: 1.0.1
Check: LazyData
Result: NOTE
     'LazyData' is specified without a 'data' directory
Flavors: r-devel-linux-x86_64-debian-clang, r-devel-linux-x86_64-debian-gcc, r-devel-linux-x86_64-fedora-clang, r-devel-linux-x86_64-fedora-gcc, r-devel-windows-x86_64, r-patched-linux-x86_64, r-release-linux-x86_64, r-release-macos-arm64, r-release-macos-x86_64, r-release-windows-x86_64, r-oldrel-macos-arm64, r-oldrel-macos-x86_64, r-oldrel-windows-ix86+x86_64