Last updated on 2022-05-18 15:49:12 CEST.
Flavor | Version | Tinstall | Tcheck | Ttotal | Status | Flags |
---|---|---|---|---|---|---|
r-devel-linux-x86_64-debian-clang | 1.0.9 | 289.53 | 262.47 | 552.00 | OK | |
r-devel-linux-x86_64-debian-gcc | 1.0.9 | 229.44 | 194.49 | 423.93 | OK | |
r-devel-linux-x86_64-fedora-clang | 1.0.9 | 752.38 | NOTE | |||
r-devel-linux-x86_64-fedora-gcc | 1.0.9 | 718.29 | OK | |||
r-devel-windows-x86_64 | 1.0.9 | 368.00 | 359.00 | 727.00 | NOTE | |
r-patched-linux-x86_64 | 1.0.9 | 251.89 | 253.83 | 505.72 | OK | |
r-release-linux-x86_64 | 1.0.9 | 244.68 | 253.73 | 498.41 | OK | |
r-release-macos-arm64 | 1.0.9 | 161.00 | NOTE | |||
r-release-macos-x86_64 | 1.0.9 | 285.00 | NOTE | |||
r-release-windows-x86_64 | 1.0.9 | 357.00 | 353.00 | 710.00 | NOTE | |
r-oldrel-macos-arm64 | 1.0.9 | 138.00 | NOTE | |||
r-oldrel-macos-x86_64 | 1.0.9 | 205.00 | NOTE | |||
r-oldrel-windows-ix86+x86_64 | 1.0.9 | 646.00 | 449.00 | 1095.00 | NOTE |
Version: 1.0.9
Check: installed package size
Result: NOTE
installed size is 17.0Mb
sub-directories of 1Mb or more:
data 1.9Mb
libs 13.3Mb
Flavors: r-devel-linux-x86_64-fedora-clang, r-devel-windows-x86_64, r-release-macos-arm64, r-release-macos-x86_64, r-release-windows-x86_64, r-oldrel-macos-arm64, r-oldrel-macos-x86_64, r-oldrel-windows-ix86+x86_64
Version: 1.0.9
Check: Rd cross-references
Result: NOTE
Undeclared package ‘Rtsne’ in Rd xrefs
Flavor: r-devel-linux-x86_64-fedora-clang