Last updated on 2025-01-26 04:49:31 CET.
Flavor | Version | Tinstall | Tcheck | Ttotal | Status | Flags |
---|---|---|---|---|---|---|
r-devel-linux-x86_64-debian-clang | 0.1.9-1 | 7.00 | 39.67 | 46.67 | OK | |
r-devel-linux-x86_64-debian-gcc | 0.1.9-1 | 4.67 | 29.65 | 34.32 | OK | |
r-devel-linux-x86_64-fedora-clang | 0.1.9-1 | 77.27 | OK | |||
r-devel-linux-x86_64-fedora-gcc | 0.1.9-1 | 70.21 | OK | |||
r-devel-windows-x86_64 | 0.1.9-1 | 8.00 | 58.00 | 66.00 | OK | |
r-patched-linux-x86_64 | 0.1.9-1 | 6.32 | 37.39 | 43.71 | NOTE | |
r-release-linux-x86_64 | 0.1.9-1 | 6.16 | 37.80 | 43.96 | NOTE | |
r-release-macos-arm64 | 0.1.9-1 | 19.00 | NOTE | |||
r-release-macos-x86_64 | 0.1.9-1 | 31.00 | NOTE | |||
r-release-windows-x86_64 | 0.1.9-1 | 9.00 | 62.00 | 71.00 | NOTE | |
r-oldrel-macos-arm64 | 0.1.9-1 | 23.00 | NOTE | |||
r-oldrel-macos-x86_64 | 0.1.9-1 | 37.00 | NOTE | |||
r-oldrel-windows-x86_64 | 0.1.9-1 | 10.00 | 70.00 | 80.00 | NOTE |
Version: 0.1.9-1
Check: LazyData
Result: NOTE
'LazyData' is specified without a 'data' directory
Flavors: r-patched-linux-x86_64, r-release-linux-x86_64, r-release-macos-arm64, r-release-macos-x86_64, r-release-windows-x86_64, r-oldrel-macos-arm64, r-oldrel-macos-x86_64, r-oldrel-windows-x86_64